Last updated on 2023-02-03 14:53:36 CET.
Flavor | Version | Tinstall | Tcheck | Ttotal | Status | Flags |
---|---|---|---|---|---|---|
r-devel-linux-x86_64-debian-clang | 0.6.1 | 10.64 | 264.84 | 275.48 | WARN | |
r-devel-linux-x86_64-debian-gcc | 0.6.3 | 10.21 | 179.11 | 189.32 | OK | |
r-devel-linux-x86_64-fedora-clang | 0.6.3 | 310.19 | OK | |||
r-devel-linux-x86_64-fedora-gcc | 0.6.3 | 166.04 | OK | |||
r-devel-windows-x86_64 | 0.6.3 | 71.00 | 302.00 | 373.00 | OK | |
r-patched-linux-x86_64 | 0.6.3 | 12.87 | 234.50 | 247.37 | OK | |
r-release-linux-x86_64 | 0.6.3 | 9.70 | 239.66 | 249.36 | OK | |
r-release-macos-arm64 | 0.6.3 | 72.00 | OK | |||
r-release-macos-x86_64 | 0.6.3 | 108.00 | OK | |||
r-release-windows-x86_64 | 0.6.3 | 54.00 | 271.00 | 325.00 | OK | |
r-oldrel-macos-arm64 | 0.6.3 | 64.00 | OK | |||
r-oldrel-macos-x86_64 | 0.6.3 | 105.00 | OK | |||
r-oldrel-windows-ix86+x86_64 | 0.6.3 | 31.00 | 507.00 | 538.00 | OK |
Version: 0.6.1
Check: whether package can be installed
Result: WARN
Found the following significant warnings:
./header.h:50:26: warning: a function declaration without a prototype is deprecated in all versions of C [-Wstrict-prototypes]
bicriterion_iterated_local_search_call.c:510:26: warning: a function declaration without a prototype is deprecated in all versions of C [-Wstrict-prototypes]
See ‘/home/hornik/tmp/R.check/r-devel-clang/Work/PKGS/anticlust.Rcheck/00install.out’ for details.
* used C compiler: ‘Debian clang version 15.0.6’
Flavor: r-devel-linux-x86_64-debian-clang