CRAN Package Check Results for Package anyLib

Last updated on 2023-03-27 21:54:13 CEST.

Flavor Version Tinstall Tcheck Ttotal Status Flags
r-devel-linux-x86_64-debian-clang 1.0.5 1.87 502.84 504.71 NOTE
r-devel-linux-x86_64-debian-gcc 1.0.5 1.59 373.65 375.24 NOTE
r-devel-linux-x86_64-fedora-clang 1.0.5 589.91 NOTE
r-devel-linux-x86_64-fedora-gcc 1.0.5 274.45 NOTE
r-devel-windows-x86_64 1.0.5 9.00 113.00 122.00 NOTE
r-patched-linux-x86_64 1.0.5 1.96 501.30 503.26 NOTE
r-release-linux-x86_64 1.0.5 1.51 462.37 463.88 NOTE
r-release-macos-arm64 1.0.5 139.00 NOTE
r-release-macos-x86_64 1.0.5 98.00 NOTE
r-release-windows-x86_64 1.0.5 11.00 217.00 228.00 NOTE
r-oldrel-macos-arm64 1.0.5 114.00 NOTE
r-oldrel-macos-x86_64 1.0.5 94.00 NOTE
r-oldrel-windows-ix86+x86_64 1.0.5 8.00 409.00 417.00 NOTE

Check Details

Version: 1.0.5
Check: LazyData
Result: NOTE
     'LazyData' is specified without a 'data' directory
Flavors: r-devel-linux-x86_64-debian-clang, r-devel-linux-x86_64-debian-gcc, r-devel-linux-x86_64-fedora-clang, r-devel-linux-x86_64-fedora-gcc, r-devel-windows-x86_64, r-patched-linux-x86_64, r-release-linux-x86_64, r-release-macos-arm64, r-release-macos-x86_64, r-release-windows-x86_64, r-oldrel-macos-arm64, r-oldrel-macos-x86_64, r-oldrel-windows-ix86+x86_64

Version: 1.0.5
Check: dependencies in R code
Result: NOTE
    Namespaces in Imports field not imported from:
     ‘curl’ ‘httr’
     All declared Imports should be used.
Flavors: r-devel-linux-x86_64-fedora-clang, r-devel-linux-x86_64-fedora-gcc, r-release-macos-arm64, r-release-macos-x86_64, r-oldrel-macos-arm64, r-oldrel-macos-x86_64