Last updated on 2023-03-31 23:50:15 CEST.
Flavor | Version | Tinstall | Tcheck | Ttotal | Status | Flags |
---|---|---|---|---|---|---|
r-devel-linux-x86_64-debian-clang | 0.3.9 | 23.71 | 37.19 | 60.90 | NOTE | |
r-devel-linux-x86_64-debian-gcc | 0.3.9 | 18.46 | 29.43 | 47.89 | NOTE | |
r-devel-linux-x86_64-fedora-clang | 0.3.9 | 84.71 | NOTE | |||
r-devel-linux-x86_64-fedora-gcc | 0.3.9 | 92.29 | NOTE | |||
r-devel-windows-x86_64 | 0.3.9 | 59.00 | 0.00 | 59.00 | NOTE | |
r-patched-linux-x86_64 | 0.3.9 | 21.58 | 36.27 | 57.85 | NOTE | |
r-release-linux-x86_64 | 0.3.9 | 21.37 | 36.75 | 58.12 | OK | |
r-release-macos-arm64 | 0.3.9 | 29.00 | OK | |||
r-release-macos-x86_64 | 0.3.9 | 43.00 | OK | |||
r-release-windows-x86_64 | 0.3.9 | 48.00 | 101.00 | 149.00 | OK | |
r-oldrel-macos-arm64 | 0.3.9 | 38.00 | OK | |||
r-oldrel-macos-x86_64 | 0.3.9 | 56.00 | OK | |||
r-oldrel-windows-ix86+x86_64 | 0.3.9 | 77.00 | 89.00 | 166.00 | OK |
Version: 0.3.9
Check: C++ specification
Result: NOTE
Specified C++11: please drop specification unless essential
Flavors: r-devel-linux-x86_64-debian-clang, r-devel-linux-x86_64-debian-gcc, r-devel-linux-x86_64-fedora-clang, r-devel-linux-x86_64-fedora-gcc, r-devel-windows-x86_64, r-patched-linux-x86_64