Last updated on 2023-09-28 09:57:57 CEST.
Flavor | Version | Tinstall | Tcheck | Ttotal | Status | Flags |
---|---|---|---|---|---|---|
r-devel-linux-x86_64-debian-clang | 0.3.9 | 24.83 | 37.63 | 62.46 | NOTE | |
r-devel-linux-x86_64-debian-gcc | 0.3.9 | 17.88 | 29.81 | 47.69 | NOTE | |
r-devel-linux-x86_64-fedora-clang | 0.3.9 | 82.45 | NOTE | |||
r-devel-linux-x86_64-fedora-gcc | 0.3.9 | 100.05 | NOTE | |||
r-devel-windows-x86_64 | 0.3.9 | 27.00 | 84.00 | 111.00 | NOTE | |
r-patched-linux-x86_64 | 0.3.9 | 26.12 | 37.25 | 63.37 | NOTE | |
r-release-linux-x86_64 | 0.3.9 | 25.12 | 36.86 | 61.98 | NOTE | |
r-release-macos-arm64 | 0.3.9 | 38.00 | NOTE | |||
r-release-macos-x86_64 | 0.3.9 | 57.00 | NOTE | |||
r-release-windows-x86_64 | 0.3.9 | 35.00 | 88.00 | 123.00 | NOTE | |
r-oldrel-macos-arm64 | 0.3.9 | 31.00 | OK | |||
r-oldrel-macos-x86_64 | 0.3.9 | 43.00 | OK | |||
r-oldrel-windows-x86_64 | 0.3.9 | 34.00 | 85.00 | 119.00 | OK |
Version: 0.3.9
Check: C++ specification
Result: NOTE
Specified C++11: please drop specification unless essential
Flavors: r-devel-linux-x86_64-debian-clang, r-devel-linux-x86_64-debian-gcc, r-devel-linux-x86_64-fedora-clang, r-devel-linux-x86_64-fedora-gcc, r-devel-windows-x86_64, r-patched-linux-x86_64, r-release-linux-x86_64, r-release-macos-arm64, r-release-macos-x86_64, r-release-windows-x86_64