CRAN Package Check Results for Package anytime

Last updated on 2017-11-18 15:49:51.

Flavor Version Tinstall Tcheck Ttotal Status Flags
r-devel-linux-x86_64-debian-clang 0.3.0 17.07 19.23 36.29 OK
r-devel-linux-x86_64-debian-gcc 0.3.0 18.25 20.79 39.04 OK
r-devel-linux-x86_64-fedora-clang 0.3.0 67.02 OK
r-devel-linux-x86_64-fedora-gcc 0.3.0 65.71 OK
r-devel-windows-ix86+x86_64 0.3.0 71.00 80.00 151.00 OK
r-patched-linux-x86_64 0.3.0 17.20 19.40 36.60 OK
r-patched-solaris-x86 0.3.0 83.80 ERROR
r-release-linux-x86_64 0.3.0 17.75 19.15 36.90 OK
r-release-windows-ix86+x86_64 0.3.0 53.00 107.00 160.00 OK
r-release-osx-x86_64 0.3.0 OK
r-oldrel-windows-ix86+x86_64 0.3.0 47.00 114.00 161.00 OK
r-oldrel-osx-x86_64 0.3.0 OK

Additional issues

gcc-UBSAN

Check Details

Version: 0.3.0
Check: tests
Result: ERROR
     Running ‘allFormats.R’
     Running ‘bulkTest.R’
     Running ‘gh_issue_12.R’
     Running ‘gh_issue_33.R’
     Running ‘gh_issue_5.R’
     Running ‘gh_issue_56.R’
     Running ‘gh_issues_36_51.R’
     Running ‘r_anytime.R’
     Running ‘simpleTests.R’
     Running ‘utilities.R’
     Running ‘validate.R’
    Running the tests in ‘tests/allFormats.R’ failed.
    Complete output:
     > options(digits.secs=6, width=70)
     >
     > library(anytime)
     >
     > ref <- format(as.POSIXct(c("2016-09-01 10:11:12", "2016-09-01 10:11:12.345678"),
     + "%Y-%m-%d %H:%M:%0S"))
     Warning messages:
     1: In strptime(xx, f <- "%Y-%m-%d %H:%M:%OS", tz = tz) :
     unknown timezone '%Y-%m-%d %H:%M:%0S'
     2: In as.POSIXct.POSIXlt(x) : unknown timezone '%Y-%m-%d %H:%M:%0S'
     3: In strptime(x, f, tz = tz) : unknown timezone '%Y-%m-%d %H:%M:%0S'
     4: In as.POSIXct.POSIXlt(as.POSIXlt(x, tz, ...), tz, ...) :
     unknown timezone '%Y-%m-%d %H:%M:%0S'
     5: In as.POSIXlt.POSIXct(x, tz) : unknown timezone '%Y-%m-%d %H:%M:%0S'
     >
     >
     > stopifnot(ref == format(anytime(c("2016-09-01 10:11:12", "2016-09-01 10:11:12.345678"))))
     Error: ref == format(anytime(c("2016-09-01 10:11:12", "2016-09-01 10:11:12.345678"))) are not all TRUE
     Execution halted
    Running the tests in ‘tests/bulkTest.R’ failed.
    Complete output:
     >
     > ## we still have weird issues with some timezones so some testing needed
     > ## and while Boost Date_Time instantiates the formats relative to a locale
     > ## it remains tricky to change TZ on the fly
     >
     > library(anytime)
     >
     > verbose <- FALSE
     >
     > tzvec <- c( # courtesy of CCTZ
     + "Africa/Abidjan",
     + "Africa/Accra",
     + "Africa/Addis_Ababa",
     + "Africa/Algiers",
     + "Africa/Asmara",
     + "Africa/Asmera",
     + "Africa/Bamako",
     + "Africa/Bangui",
     + "Africa/Banjul",
     + "Africa/Bissau",
     + "Africa/Blantyre",
     + "Africa/Brazzaville",
     + "Africa/Bujumbura",
     + "Africa/Cairo",
     + "Africa/Casablanca",
     + "Africa/Ceuta",
     + "Africa/Conakry",
     + "Africa/Dakar",
     + "Africa/Dar_es_Salaam",
     + "Africa/Djibouti",
     + "Africa/Douala",
     + "Africa/El_Aaiun",
     + "Africa/Freetown",
     + "Africa/Gaborone",
     + "Africa/Harare",
     + "Africa/Johannesburg",
     + "Africa/Juba",
     + "Africa/Kampala",
     + "Africa/Khartoum",
     + "Africa/Kigali",
     + "Africa/Kinshasa",
     + "Africa/Lagos",
     + "Africa/Libreville",
     + "Africa/Lome",
     + "Africa/Luanda",
     + "Africa/Lubumbashi",
     + "Africa/Lusaka",
     + "Africa/Malabo",
     + "Africa/Maputo",
     + "Africa/Maseru",
     + "Africa/Mbabane",
     + "Africa/Mogadishu",
     + "Africa/Monrovia",
     + "Africa/Nairobi",
     + "Africa/Ndjamena",
     + "Africa/Niamey",
     + "Africa/Nouakchott",
     + "Africa/Ouagadougou",
     + "Africa/Porto-Novo",
     + "Africa/Sao_Tome",
     + "Africa/Timbuktu",
     + "Africa/Tripoli",
     + "Africa/Tunis",
     + "Africa/Windhoek",
     + "America/Adak",
     + "America/Anchorage",
     + "America/Anguilla",
     + "America/Antigua",
     + "America/Araguaina",
     + "America/Argentina/Buenos_Aires",
     + "America/Argentina/Catamarca",
     + "America/Argentina/ComodRivadavia",
     + "America/Argentina/Cordoba",
     + "America/Argentina/Jujuy",
     + "America/Argentina/La_Rioja",
     + "America/Argentina/Mendoza",
     + "America/Argentina/Rio_Gallegos",
     + "America/Argentina/Salta",
     + "America/Argentina/San_Juan",
     + "America/Argentina/San_Luis",
     + "America/Argentina/Tucuman",
     + "America/Argentina/Ushuaia",
     + "America/Aruba",
     + "America/Asuncion",
     + "America/Atikokan",
     + "America/Atka",
     + "America/Bahia",
     + "America/Bahia_Banderas",
     + "America/Barbados",
     + "America/Belem",
     + "America/Belize",
     + "America/Blanc-Sablon",
     + "America/Boa_Vista",
     + "America/Bogota",
     + "America/Boise",
     + "America/Buenos_Aires",
     + "America/Cambridge_Bay",
     + "America/Campo_Grande",
     + "America/Cancun",
     + "America/Caracas",
     + "America/Catamarca",
     + "America/Cayenne",
     + "America/Cayman",
     + "America/Chicago",
     + "America/Chihuahua",
     + "America/Coral_Harbour",
     + "America/Cordoba",
     + "America/Costa_Rica",
     + "America/Creston",
     + "America/Cuiaba",
     + "America/Curacao",
     + "America/Danmarkshavn",
     + "America/Dawson",
     + "America/Dawson_Creek",
     + "America/Denver",
     + "America/Detroit",
     + "America/Dominica",
     + "America/Edmonton",
     + "America/Eirunepe",
     + "America/El_Salvador",
     + "America/Ensenada",
     + "America/Fort_Wayne",
     + "America/Fortaleza",
     + "America/Glace_Bay",
     + "America/Godthab",
     + "America/Goose_Bay",
     + "America/Grand_Turk",
     + "America/Grenada",
     + "America/Guadeloupe",
     + "America/Guatemala",
     + "America/Guayaquil",
     + "America/Guyana",
     + "America/Halifax",
     + "America/Havana",
     + "America/Hermosillo",
     + "America/Indiana/Indianapolis",
     + "America/Indiana/Knox",
     + "America/Indiana/Marengo",
     + "America/Indiana/Petersburg",
     + "America/Indiana/Tell_City",
     + "America/Indiana/Vevay",
     + "America/Indiana/Vincennes",
     + "America/Indiana/Winamac",
     + "America/Indianapolis",
     + "America/Inuvik",
     + "America/Iqaluit",
     + "America/Jamaica",
     + "America/Jujuy",
     + "America/Juneau",
     + "America/Kentucky/Louisville",
     + "America/Kentucky/Monticello",
     + "America/Knox_IN",
     + "America/Kralendijk",
     + "America/La_Paz",
     + "America/Lima",
     + "America/Los_Angeles",
     + "America/Louisville",
     + "America/Lower_Princes",
     + "America/Maceio",
     + "America/Managua",
     + "America/Manaus",
     + "America/Marigot",
     + "America/Martinique",
     + "America/Matamoros",
     + "America/Mazatlan",
     + "America/Mendoza",
     + "America/Menominee",
     + "America/Merida",
     + "America/Metlakatla",
     + "America/Mexico_City",
     + "America/Miquelon",
     + "America/Moncton",
     + "America/Monterrey",
     + "America/Montevideo",
     + "America/Montreal",
     + "America/Montserrat",
     + "America/Nassau",
     + "America/New_York",
     + "America/Nipigon",
     + "America/Nome",
     + "America/Noronha",
     + "America/North_Dakota/Beulah",
     + "America/North_Dakota/Center",
     + "America/North_Dakota/New_Salem",
     + "America/Ojinaga",
     + "America/Panama",
     + "America/Pangnirtung",
     + "America/Paramaribo",
     + "America/Phoenix",
     + "America/Port-au-Prince",
     + "America/Port_of_Spain",
     + "America/Porto_Acre",
     + "America/Porto_Velho",
     + "America/Puerto_Rico",
     + "America/Rainy_River",
     + "America/Rankin_Inlet",
     + "America/Recife",
     + "America/Regina",
     + "America/Resolute",
     + "America/Rio_Branco",
     + "America/Rosario",
     + "America/Santa_Isabel",
     + "America/Santarem",
     + "America/Santiago",
     + "America/Santo_Domingo",
     + "America/Sao_Paulo",
     + "America/Scoresbysund",
     + "America/Shiprock",
     + "America/Sitka",
     + "America/St_Barthelemy",
     + "America/St_Johns",
     + "America/St_Kitts",
     + "America/St_Lucia",
     + "America/St_Thomas",
     + "America/St_Vincent",
     + "America/Swift_Current",
     + "America/Tegucigalpa",
     + "America/Thule",
     + "America/Thunder_Bay",
     + "America/Tijuana",
     + "America/Toronto",
     + "America/Tortola",
     + "America/Vancouver",
     + "America/Virgin",
     + "America/Whitehorse",
     + "America/Winnipeg",
     + "America/Yakutat",
     + "America/Yellowknife",
     + "Antarctica/Casey",
     + "Antarctica/Davis",
     + "Antarctica/DumontDUrville",
     + "Antarctica/Macquarie",
     + "Antarctica/Mawson",
     + "Antarctica/McMurdo",
     + "Antarctica/Palmer",
     + "Antarctica/Rothera",
     + "Antarctica/South_Pole",
     + "Antarctica/Syowa",
     + "Antarctica/Troll",
     + "Antarctica/Vostok",
     + "Arctic/Longyearbyen",
     + "Asia/Aden",
     + "Asia/Almaty",
     + "Asia/Amman",
     + "Asia/Anadyr",
     + "Asia/Aqtau",
     + "Asia/Aqtobe",
     + "Asia/Ashgabat",
     + "Asia/Ashkhabad",
     + "Asia/Baghdad",
     + "Asia/Bahrain",
     + "Asia/Baku",
     + "Asia/Bangkok",
     + "Asia/Beirut",
     + "Asia/Bishkek",
     + "Asia/Brunei",
     + "Asia/Calcutta",
     + "Asia/Chita",
     + "Asia/Choibalsan",
     + "Asia/Chongqing",
     + "Asia/Chungking",
     + "Asia/Colombo",
     + "Asia/Dacca",
     + "Asia/Damascus",
     + "Asia/Dhaka",
     + "Asia/Dili",
     + "Asia/Dubai",
     + "Asia/Dushanbe",
     + "Asia/Gaza",
     + "Asia/Harbin",
     + "Asia/Hebron",
     + "Asia/Ho_Chi_Minh",
     + "Asia/Hong_Kong",
     + "Asia/Hovd",
     + "Asia/Irkutsk",
     + "Asia/Istanbul",
     + "Asia/Jakarta",
     + "Asia/Jayapura",
     + "Asia/Jerusalem",
     + "Asia/Kabul",
     + "Asia/Kamchatka",
     + "Asia/Karachi",
     + "Asia/Kashgar",
     + "Asia/Kathmandu",
     + "Asia/Katmandu",
     + "Asia/Khandyga",
     + "Asia/Kolkata",
     + "Asia/Krasnoyarsk",
     + "Asia/Kuala_Lumpur",
     + "Asia/Kuching",
     + "Asia/Kuwait",
     + "Asia/Macao",
     + "Asia/Macau",
     + "Asia/Magadan",
     + "Asia/Makassar",
     + "Asia/Manila",
     + "Asia/Muscat",
     + "Asia/Nicosia",
     + "Asia/Novokuznetsk",
     + "Asia/Novosibirsk",
     + "Asia/Omsk",
     + "Asia/Oral",
     + "Asia/Phnom_Penh",
     + "Asia/Pontianak",
     + "Asia/Pyongyang",
     + "Asia/Qatar",
     + "Asia/Qyzylorda",
     + "Asia/Rangoon",
     + "Asia/Riyadh",
     + "Asia/Saigon",
     + "Asia/Sakhalin",
     + "Asia/Samarkand",
     + "Asia/Seoul",
     + "Asia/Shanghai",
     + "Asia/Singapore",
     + "Asia/Srednekolymsk",
     + "Asia/Taipei",
     + "Asia/Tashkent",
     + "Asia/Tbilisi",
     + "Asia/Tehran",
     + "Asia/Tel_Aviv",
     + "Asia/Thimbu",
     + "Asia/Thimphu",
     + "Asia/Tokyo",
     + "Asia/Ujung_Pandang",
     + "Asia/Ulaanbaatar",
     + "Asia/Ulan_Bator",
     + "Asia/Urumqi",
     + "Asia/Ust-Nera",
     + "Asia/Vientiane",
     + "Asia/Vladivostok",
     + "Asia/Yakutsk",
     + "Asia/Yekaterinburg",
     + "Asia/Yerevan",
     + "Atlantic/Azores",
     + "Atlantic/Bermuda",
     + "Atlantic/Canary",
     + "Atlantic/Cape_Verde",
     + "Atlantic/Faeroe",
     + "Atlantic/Faroe",
     + "Atlantic/Jan_Mayen",
     + "Atlantic/Madeira",
     + "Atlantic/Reykjavik",
     + "Atlantic/South_Georgia",
     + "Atlantic/St_Helena",
     + "Atlantic/Stanley",
     + "Australia/ACT",
     + "Australia/Adelaide",
     + "Australia/Brisbane",
     + "Australia/Broken_Hill",
     + "Australia/Canberra",
     + "Australia/Currie",
     + "Australia/Darwin",
     + "Australia/Eucla",
     + "Australia/Hobart",
     + "Australia/LHI",
     + "Australia/Lindeman",
     + "Australia/Lord_Howe",
     + "Australia/Melbourne",
     + "Australia/NSW",
     + "Australia/North",
     + "Australia/Perth",
     + "Australia/Queensland",
     + "Australia/South",
     + "Australia/Sydney",
     + "Australia/Tasmania",
     + "Australia/Victoria",
     + "Australia/West",
     + "Australia/Yancowinna",
     + "Brazil/Acre",
     + "Brazil/DeNoronha",
     + "Brazil/East",
     + "Brazil/West",
     + "CET",
     + "CST6CDT",
     + "Canada/Atlantic",
     + "Canada/Central",
     + "Canada/East-Saskatchewan",
     + "Canada/Eastern",
     + "Canada/Mountain",
     + "Canada/Newfoundland",
     + "Canada/Pacific",
     + "Canada/Saskatchewan",
     + "Canada/Yukon",
     + "Chile/Continental",
     + "Chile/EasterIsland",
     + "Cuba",
     + "EET",
     + "EST",
     + "EST5EDT",
     + "Egypt",
     + "Eire",
     + "Etc/GMT",
     + "Etc/GMT+0",
     + "Etc/GMT+1",
     + "Etc/GMT+10",
     + "Etc/GMT+11",
     + "Etc/GMT+12",
     + "Etc/GMT+2",
     + "Etc/GMT+3",
     + "Etc/GMT+4",
     + "Etc/GMT+5",
     + "Etc/GMT+6",
     + "Etc/GMT+7",
     + "Etc/GMT+8",
     + "Etc/GMT+9",
     + "Etc/GMT-0",
     + "Etc/GMT-1",
     + "Etc/GMT-10",
     + "Etc/GMT-11",
     + "Etc/GMT-12",
     + "Etc/GMT-13",
     + "Etc/GMT-14",
     + "Etc/GMT-2",
     + "Etc/GMT-3",
     + "Etc/GMT-4",
     + "Etc/GMT-5",
     + "Etc/GMT-6",
     + "Etc/GMT-7",
     + "Etc/GMT-8",
     + "Etc/GMT-9",
     + "Etc/GMT0",
     + "Etc/Greenwich",
     + "Etc/UCT",
     + "Etc/UTC",
     + "Etc/Universal",
     + "Etc/Zulu",
     + "Europe/Amsterdam",
     + "Europe/Andorra",
     + "Europe/Athens",
     + "Europe/Belfast",
     + "Europe/Belgrade",
     + "Europe/Berlin",
     + "Europe/Bratislava",
     + "Europe/Brussels",
     + "Europe/Bucharest",
     + "Europe/Budapest",
     + "Europe/Busingen",
     + "Europe/Chisinau",
     + "Europe/Copenhagen",
     + "Europe/Dublin",
     + "Europe/Gibraltar",
     + "Europe/Guernsey",
     + "Europe/Helsinki",
     + "Europe/Isle_of_Man",
     + "Europe/Istanbul",
     + "Europe/Jersey",
     + "Europe/Kaliningrad",
     + "Europe/Kiev",
     + "Europe/Lisbon",
     + "Europe/Ljubljana",
     + "Europe/London",
     + "Europe/Luxembourg",
     + "Europe/Madrid",
     + "Europe/Malta",
     + "Europe/Mariehamn",
     + "Europe/Minsk",
     + "Europe/Monaco",
     + "Europe/Moscow",
     + "Europe/Nicosia",
     + "Europe/Oslo",
     + "Europe/Paris",
     + "Europe/Podgorica",
     + "Europe/Prague",
     + "Europe/Riga",
     + "Europe/Rome",
     + "Europe/Samara",
     + "Europe/San_Marino",
     + "Europe/Sarajevo",
     + "Europe/Simferopol",
     + "Europe/Skopje",
     + "Europe/Sofia",
     + "Europe/Stockholm",
     + "Europe/Tallinn",
     + "Europe/Tirane",
     + "Europe/Tiraspol",
     + "Europe/Uzhgorod",
     + "Europe/Vaduz",
     + "Europe/Vatican",
     + "Europe/Vienna",
     + "Europe/Vilnius",
     + "Europe/Volgograd",
     + "Europe/Warsaw",
     + "Europe/Zagreb",
     + "Europe/Zaporozhye",
     + "Europe/Zurich",
     + "GB",
     + "GB-Eire",
     + "GMT",
     + "GMT+0",
     + "GMT-0",
     + "GMT0",
     + "Greenwich",
     + "HST",
     + "Hongkong",
     + "Iceland",
     + "Indian/Antananarivo",
     + "Indian/Chagos",
     + "Indian/Christmas",
     + "Indian/Cocos",
     + "Indian/Comoro",
     + "Indian/Kerguelen",
     + "Indian/Mahe",
     + "Indian/Maldives",
     + "Indian/Mauritius",
     + "Indian/Mayotte",
     + "Indian/Reunion",
     + "Iran",
     + "Israel",
     + "Jamaica",
     + "Japan",
     + "Kwajalein",
     + "Libya",
     + "MET",
     + "MST",
     + "MST7MDT",
     + "Mexico/BajaNorte",
     + "Mexico/BajaSur",
     + "Mexico/General",
     + "NZ",
     + "NZ-CHAT",
     + "Navajo",
     + "PRC",
     + "PST8PDT",
     + "Pacific/Apia",
     + "Pacific/Auckland",
     + "Pacific/Bougainville",
     + "Pacific/Chatham",
     + "Pacific/Chuuk",
     + "Pacific/Easter",
     + "Pacific/Efate",
     + "Pacific/Enderbury",
     + "Pacific/Fakaofo",
     + "Pacific/Fiji",
     + "Pacific/Funafuti",
     + "Pacific/Galapagos",
     + "Pacific/Gambier",
     + "Pacific/Guadalcanal",
     + "Pacific/Guam",
     + "Pacific/Honolulu",
     + "Pacific/Johnston",
     + "Pacific/Kiritimati",
     + "Pacific/Kosrae",
     + "Pacific/Kwajalein",
     + "Pacific/Majuro",
     + "Pacific/Marquesas",
     + "Pacific/Midway",
     + "Pacific/Nauru",
     + "Pacific/Niue",
     + "Pacific/Norfolk",
     + "Pacific/Noumea",
     + "Pacific/Pago_Pago",
     + "Pacific/Palau",
     + "Pacific/Pitcairn",
     + "Pacific/Pohnpei",
     + "Pacific/Ponape",
     + "Pacific/Port_Moresby",
     + "Pacific/Rarotonga",
     + "Pacific/Saipan",
     + "Pacific/Samoa",
     + "Pacific/Tahiti",
     + "Pacific/Tarawa",
     + "Pacific/Tongatapu",
     + "Pacific/Truk",
     + "Pacific/Wake",
     + "Pacific/Wallis",
     + "Pacific/Yap",
     + "Poland",
     + "Portugal",
     + "ROC",
     + "ROK",
     + "Singapore",
     + "Turkey",
     + "UCT",
     + "US/Alaska",
     + "US/Aleutian",
     + "US/Arizona",
     + "US/Central",
     + "US/East-Indiana",
     + "US/Eastern",
     + "US/Hawaii",
     + "US/Indiana-Starke",
     + "US/Michigan",
     + "US/Mountain",
     + "US/Pacific",
     + "US/Pacific-New",
     + "US/Samoa",
     + "UTC",
     + "Universal",
     + "W-SU",
     + "WET",
     + "Zulu"
     + )
     >
     > fullPOSIXctEx <- function(tstr) {
     + for (tz in tzvec) {
     + ## for anytime, the returned POSIXct object has the 'target' timezone (default is local)
     + at <- format( anytime(tstr, tz=tz) )
     + ## for as.POSIXct, we give tz when we format
     + pt <- format(as.POSIXct(tstr ), tz=tz)
     + if (verbose) cat(at, " -- ", pt, " -- ", tz, "\n")
     + stopifnot(all.equal(at, pt))
     + }
     + }
     >
     > fullDateEx <- function(tstr) {
     + for (tz in tzvec) {
     + at <- format(anydate(tstr))
     + pt <- format(as.Date(tstr))
     + if (verbose) cat(at, " -- ", pt, " -- ", tz, "\n")
     + stopifnot(all.equal(at, pt))
     + }
     + }
     >
     > fullPOSIXctEx("2016-07-11 12:13:14") # test summer
     Error: at and pt are not equal:
     1 string mismatch
     Execution halted
    Running the tests in ‘tests/simpleTests.R’ failed.
    Complete output:
     >
     > options(digits.secs=6)
     >
     > library(anytime)
     >
     > refT <- as.POSIXct(as.POSIXlt(format(as.Date("2016-01-01")+0:2)))
     > refD <- as.Date("2016-01-01")+0:2
     >
     > ## Dates: Integer
     > stopifnot(refD == anydate(20160101L + 0:2))
     > stopifnot(refT == anytime(20160101L + 0:2, oldHeuristic=TRUE))
     Error: refT == anytime(20160101L + 0:2, oldHeuristic = TRUE) are not all TRUE
     Execution halted
Flavor: r-patched-solaris-x86