CRAN Package Check Results for Package aods3

Last updated on 2021-04-19 03:49:06 CEST.

Flavor Version Tinstall Tcheck Ttotal Status Flags
r-devel-linux-x86_64-debian-clang 0.4-1.1 9.54 77.27 86.81 NOTE
r-devel-linux-x86_64-debian-gcc 0.4-1.1 7.41 60.30 67.71 NOTE
r-devel-linux-x86_64-fedora-clang 0.4-1.1 113.80 NOTE
r-devel-linux-x86_64-fedora-gcc 0.4-1.1 102.16 NOTE
r-devel-windows-ix86+x86_64 0.4-1.1 22.00 71.00 93.00 NOTE
r-devel-windows-x86_64-gcc10-UCRT 0.4-1.1 NOTE
r-patched-linux-x86_64 0.4-1.1 9.40 70.39 79.79 NOTE
r-patched-solaris-x86 0.4-1.1 146.50 NOTE
r-release-linux-x86_64 0.4-1.1 9.03 70.43 79.46 NOTE
r-release-macos-x86_64 0.4-1.1 NOTE
r-release-windows-ix86+x86_64 0.4-1.1 21.00 79.00 100.00 NOTE
r-oldrel-macos-x86_64 0.4-1.1 NOTE
r-oldrel-windows-ix86+x86_64 0.4-1.1 14.00 91.00 105.00 NOTE

Check Details

Version: 0.4-1.1
Check: dependencies in R code
Result: NOTE
    Packages in Depends field not imported from:
     'boot' 'lme4'
     These packages need to be imported from (in the NAMESPACE file)
     for when this namespace is loaded but not attached.
Flavors: r-devel-linux-x86_64-debian-clang, r-devel-linux-x86_64-debian-gcc, r-devel-linux-x86_64-fedora-clang, r-devel-linux-x86_64-fedora-gcc, r-devel-windows-ix86+x86_64, r-devel-windows-x86_64-gcc10-UCRT, r-patched-linux-x86_64, r-patched-solaris-x86, r-release-linux-x86_64, r-release-macos-x86_64, r-release-windows-ix86+x86_64, r-oldrel-macos-x86_64, r-oldrel-windows-ix86+x86_64