Last updated on 2023-09-28 06:59:30 CEST.
Flavor | Version | Tinstall | Tcheck | Ttotal | Status | Flags |
---|---|---|---|---|---|---|
r-devel-linux-x86_64-debian-clang | 0.0.7 | 54.24 | 325.11 | 379.35 | NOTE | |
r-devel-linux-x86_64-debian-gcc | 0.0.7 | 37.37 | 248.00 | 285.37 | NOTE | |
r-devel-linux-x86_64-fedora-clang | 0.0.7 | 476.87 | NOTE | |||
r-devel-linux-x86_64-fedora-gcc | 0.0.7 | 487.48 | NOTE | |||
r-devel-windows-x86_64 | 0.0.7 | 39.00 | 280.00 | 319.00 | NOTE | |
r-patched-linux-x86_64 | 0.0.7 | 47.18 | 312.86 | 360.04 | NOTE | |
r-release-linux-x86_64 | 0.0.7 | 51.36 | 317.08 | 368.44 | NOTE | |
r-release-macos-arm64 | 0.0.7 | 160.00 | NOTE | |||
r-release-macos-x86_64 | 0.0.7 | 268.00 | NOTE | |||
r-release-windows-x86_64 | 0.0.7 | 50.00 | 355.00 | 405.00 | NOTE | |
r-oldrel-macos-arm64 | 0.0.7 | 134.00 | OK | |||
r-oldrel-macos-x86_64 | 0.0.7 | 173.00 | OK | |||
r-oldrel-windows-x86_64 | 0.0.7 | 49.00 | 335.00 | 384.00 | OK |
Version: 0.0.7
Check: C++ specification
Result: NOTE
Specified C++11: please drop specification unless essential
Flavors: r-devel-linux-x86_64-debian-clang, r-devel-linux-x86_64-debian-gcc, r-devel-linux-x86_64-fedora-clang, r-devel-linux-x86_64-fedora-gcc, r-devel-windows-x86_64, r-patched-linux-x86_64, r-release-linux-x86_64, r-release-macos-arm64, r-release-macos-x86_64, r-release-windows-x86_64