CRAN Package Check Results for Package aos

Last updated on 2022-08-16 14:50:07 CEST.

Flavor Version Tinstall Tcheck Ttotal Status Flags
r-devel-linux-x86_64-debian-clang 0.1.0 1.94 27.62 29.56 NOTE
r-devel-linux-x86_64-debian-gcc 0.1.0 2.16 21.88 24.04 NOTE
r-devel-linux-x86_64-fedora-clang 0.1.0 48.18 NOTE
r-devel-linux-x86_64-fedora-gcc 0.1.0 46.11 NOTE
r-devel-windows-x86_64 0.1.0 12.00 52.00 64.00 NOTE
r-patched-linux-x86_64 0.1.0 2.25 27.30 29.55 NOTE
r-release-linux-x86_64 0.1.0 2.58 26.85 29.43 NOTE
r-release-macos-arm64 0.1.0 18.00 NOTE
r-release-macos-x86_64 0.1.0 24.00 NOTE
r-release-windows-x86_64 0.1.0 11.00 53.00 64.00 NOTE
r-oldrel-macos-arm64 0.1.0 20.00 NOTE
r-oldrel-macos-x86_64 0.1.0 28.00 NOTE
r-oldrel-windows-ix86+x86_64 0.1.0 7.00 50.00 57.00 NOTE

Check Details

Version: 0.1.0
Check: LazyData
Result: NOTE
     'LazyData' is specified without a 'data' directory
Flavors: r-devel-linux-x86_64-debian-clang, r-devel-linux-x86_64-debian-gcc, r-devel-linux-x86_64-fedora-clang, r-devel-linux-x86_64-fedora-gcc, r-devel-windows-x86_64, r-patched-linux-x86_64, r-release-linux-x86_64, r-release-macos-arm64, r-release-macos-x86_64, r-release-windows-x86_64, r-oldrel-macos-arm64, r-oldrel-macos-x86_64, r-oldrel-windows-ix86+x86_64