CRAN Package Check Results for Package apa

Last updated on 2022-09-29 19:48:49 CEST.

Flavor Version Tinstall Tcheck Ttotal Status Flags
r-devel-linux-x86_64-debian-clang 0.3.3 7.32 74.31 81.63 NOTE
r-devel-linux-x86_64-debian-gcc 0.3.3 4.86 55.41 60.27 NOTE
r-devel-linux-x86_64-fedora-clang 0.3.3 109.50 NOTE
r-devel-linux-x86_64-fedora-gcc 0.3.3 105.94 NOTE
r-devel-windows-x86_64 0.3.3 13.00 100.00 113.00 NOTE
r-patched-linux-x86_64 0.3.3 6.65 70.14 76.79 NOTE
r-release-linux-x86_64 0.3.3 6.55 67.33 73.88 NOTE
r-release-macos-arm64 0.3.3 31.00 NOTE
r-release-macos-x86_64 0.3.3 57.00 NOTE
r-release-windows-x86_64 0.3.3 21.00 102.00 123.00 NOTE
r-oldrel-macos-arm64 0.3.3 32.00 NOTE
r-oldrel-macos-x86_64 0.3.3 54.00 NOTE
r-oldrel-windows-ix86+x86_64 0.3.3 17.00 95.00 112.00 NOTE

Check Details

Version: 0.3.3
Check: LazyData
Result: NOTE
     'LazyData' is specified without a 'data' directory
Flavors: r-devel-linux-x86_64-debian-clang, r-devel-linux-x86_64-debian-gcc, r-devel-linux-x86_64-fedora-clang, r-devel-linux-x86_64-fedora-gcc, r-devel-windows-x86_64, r-patched-linux-x86_64, r-release-linux-x86_64, r-release-macos-arm64, r-release-macos-x86_64, r-release-windows-x86_64, r-oldrel-macos-arm64, r-oldrel-macos-x86_64, r-oldrel-windows-ix86+x86_64