CRAN Package Check Results for Package apaTables

Last updated on 2020-02-18 00:51:58 CET.

Flavor Version Tinstall Tcheck Ttotal Status Flags
r-devel-linux-x86_64-debian-clang 2.0.5 0.41 2.51 2.92 ERROR
r-devel-linux-x86_64-debian-gcc 2.0.5 6.80 53.55 60.35 NOTE
r-devel-linux-x86_64-fedora-clang 2.0.5 101.67 NOTE
r-devel-linux-x86_64-fedora-gcc 2.0.5 91.75 NOTE
r-devel-windows-ix86+x86_64 2.0.5 18.00 80.00 98.00 OK
r-devel-windows-ix86+x86_64-gcc8 2.0.5 33.00 119.00 152.00 OK
r-patched-linux-x86_64 2.0.5 7.19 60.21 67.40 OK
r-patched-solaris-x86 2.0.5 123.10 OK
r-release-linux-x86_64 2.0.5 5.76 60.07 65.83 OK
r-release-windows-ix86+x86_64 2.0.5 15.00 75.00 90.00 OK
r-release-osx-x86_64 2.0.5 OK
r-oldrel-windows-ix86+x86_64 2.0.5 9.00 70.00 79.00 OK
r-oldrel-osx-x86_64 2.0.5 OK

Check Details

Version: 2.0.5
Check: package dependencies
Result: ERROR
    Package required but not available: 'car'
    
    Package suggested but not available for checking: 'ez'
    
    See section 'The DESCRIPTION file' in the 'Writing R Extensions'
    manual.
Flavor: r-devel-linux-x86_64-debian-clang

Version: 2.0.5
Check: for non-standard things in the check directory
Result: NOTE
    Found the following files/directories:
     ‘ex.CorTable1.doc’ ‘ex1_anova_table.doc’ ‘ex1_d_table.doc’
     ‘ex1_desc_table.doc’ ‘ex1_ez_independent.doc’ ‘ex2_anova_table.doc’
     ‘ex2_desc_table.doc’ ‘ex2_repeated_table.doc’ ‘ex3_anova_table.doc’
     ‘ex3_desc_table.doc’ ‘ex3_mixed_table.doc’ ‘exInteraction1.doc’
     ‘exInteraction2.doc’ ‘exInteraction3.doc’ ‘exRegBlocksTable.doc’
     ‘exRegTable.doc’
Flavors: r-devel-linux-x86_64-debian-gcc, r-devel-linux-x86_64-fedora-clang, r-devel-linux-x86_64-fedora-gcc