CRAN Package Check Results for Package apaTables

Last updated on 2019-09-18 01:46:48 CEST.

Flavor Version Tinstall Tcheck Ttotal Status Flags
r-devel-linux-x86_64-debian-clang 2.0.5 7.11 60.59 67.70 NOTE
r-devel-linux-x86_64-debian-gcc 2.0.5 5.85 47.33 53.18 NOTE
r-devel-linux-x86_64-fedora-clang 2.0.5 82.76 NOTE
r-devel-linux-x86_64-fedora-gcc 2.0.5 79.86 NOTE
r-devel-windows-ix86+x86_64 2.0.5 29.00 135.00 164.00 OK
r-patched-linux-x86_64 2.0.5 7.24 59.44 66.68 OK
r-patched-solaris-x86 2.0.5 109.40 OK
r-release-linux-x86_64 2.0.5 6.02 59.33 65.35 OK
r-release-windows-ix86+x86_64 2.0.5 15.00 75.00 90.00 OK
r-release-osx-x86_64 2.0.5 OK
r-oldrel-windows-ix86+x86_64 2.0.5 15.00 116.00 131.00 OK
r-oldrel-osx-x86_64 2.0.5 OK

Check Details

Version: 2.0.5
Check: for non-standard things in the check directory
Result: NOTE
    Found the following files/directories:
     'ex.CorTable1.doc' 'ex1_anova_table.doc' 'ex1_d_table.doc'
     'ex1_desc_table.doc' 'ex1_ez_independent.doc' 'ex2_anova_table.doc'
     'ex2_desc_table.doc' 'ex2_repeated_table.doc' 'ex3_anova_table.doc'
     'ex3_desc_table.doc' 'ex3_mixed_table.doc' 'exInteraction1.doc'
     'exInteraction2.doc' 'exInteraction3.doc' 'exRegBlocksTable.doc'
     'exRegTable.doc'
Flavors: r-devel-linux-x86_64-debian-clang, r-devel-linux-x86_64-debian-gcc, r-devel-linux-x86_64-fedora-clang, r-devel-linux-x86_64-fedora-gcc