CRAN Package Check Results for Package apache.sedona

Last updated on 2022-01-28 00:48:47 CET.

Flavor Version Tinstall Tcheck Ttotal Status Flags
r-devel-linux-x86_64-debian-clang 1.1.1 8.38 72.67 81.05 OK
r-devel-linux-x86_64-debian-gcc 1.1.1 6.29 54.48 60.77 OK
r-devel-linux-x86_64-fedora-clang 1.1.1 94.59 NOTE
r-devel-linux-x86_64-fedora-gcc 1.1.1 83.30 NOTE
r-devel-windows-x86_64-new-UL 1.1.1 126.00 123.00 249.00 OK
r-devel-windows-x86_64-new-TK 1.1.1 NOTE
r-patched-linux-x86_64 1.1.1 7.02 65.23 72.25 OK
r-release-linux-x86_64 1.1.1 7.03 65.19 72.22 OK
r-release-macos-arm64 1.1.1 NOTE
r-release-macos-x86_64 1.1.1 NOTE
r-release-windows-ix86+x86_64 1.1.1 18.00 109.00 127.00 OK
r-oldrel-macos-x86_64 1.1.1 NOTE
r-oldrel-windows-ix86+x86_64 1.1.1 18.00 112.00 130.00 OK

Check Details

Version: 1.1.1
Check: dependencies in R code
Result: NOTE
    Namespaces in Imports field not imported from:
     ‘DBI’ ‘dplyr’
     All declared Imports should be used.
Flavors: r-devel-linux-x86_64-fedora-clang, r-devel-linux-x86_64-fedora-gcc, r-devel-windows-x86_64-new-TK, r-release-macos-arm64, r-release-macos-x86_64, r-oldrel-macos-x86_64