CRAN Package Check Results for Package apcf

Last updated on 2022-10-04 17:52:36 CEST.

Flavor Version Tinstall Tcheck Ttotal Status Flags
r-devel-linux-x86_64-debian-clang 0.2.0 49.14 42.11 91.25 OK
r-devel-linux-x86_64-debian-gcc 0.2.0 35.34 33.42 68.76 OK
r-devel-linux-x86_64-fedora-clang 0.2.0 151.06 OK
r-devel-linux-x86_64-fedora-gcc 0.2.0 134.27 OK
r-devel-windows-x86_64 0.2.0 180.00 117.00 297.00 OK
r-patched-linux-x86_64 0.2.0 44.11 41.26 85.37 OK
r-release-linux-x86_64 0.2.0 38.60 40.64 79.24 OK
r-release-macos-arm64 0.2.0 45.00 OK
r-release-macos-x86_64 0.2.0 57.00 OK
r-release-windows-x86_64 0.2.0 86.00 121.00 207.00 OK
r-oldrel-macos-arm64 0.2.0 42.00 OK
r-oldrel-macos-x86_64 0.2.0 61.00 NOTE
r-oldrel-windows-ix86+x86_64 0.2.0 121.00 114.00 235.00 NOTE

Check Details

Version: 0.2.0
Check: installed package size
Result: NOTE
     installed size is 33.6Mb
     sub-directories of 1Mb or more:
     libs 33.0Mb
Flavors: r-oldrel-macos-x86_64, r-oldrel-windows-ix86+x86_64