CRAN Package Check Results for Package apcluster

Last updated on 2021-05-17 16:48:12 CEST.

Flavor Version Tinstall Tcheck Ttotal Status Flags
r-devel-linux-x86_64-debian-clang 1.4.8 74.94 129.77 204.71 OK
r-devel-linux-x86_64-debian-gcc 1.4.8 48.58 97.23 145.81 OK
r-devel-linux-x86_64-fedora-clang 1.4.8 284.05 OK
r-devel-linux-x86_64-fedora-gcc 1.4.8 243.36 OK
r-devel-windows-ix86+x86_64 1.4.8 171.00 206.00 377.00 OK
r-devel-windows-x86_64-gcc10-UCRT 1.4.8 WARN
r-patched-linux-x86_64 1.4.8 56.50 122.44 178.94 OK
r-patched-solaris-x86 1.4.8 257.00 WARN
r-release-linux-x86_64 1.4.8 55.95 119.20 175.15 OK
r-release-macos-x86_64 1.4.8 WARN
r-release-windows-ix86+x86_64 1.4.8 125.00 149.00 274.00 OK
r-oldrel-macos-x86_64 1.4.8 WARN
r-oldrel-windows-ix86+x86_64 1.4.8 132.00 201.00 333.00 OK

Check Details

Version: 1.4.8
Check: package dependencies
Result: NOTE
    Package suggested but not available for checking: 'kebabs'
Flavors: r-devel-windows-x86_64-gcc10-UCRT, r-patched-solaris-x86, r-release-macos-x86_64

Version: 1.4.8
Check: re-building of vignette outputs
Result: WARN
    Error(s) in re-building vignettes:
     ...
    --- re-building 'apcluster.Rnw' using knitr
    
    Attaching package: 'apcluster'
    
    The following object is masked from 'package:stats':
    
     heatmap
    
    Quitting from lines 387-408 (apcluster.Rnw)
    Error: processing vignette 'apcluster.Rnw' failed with diagnostics:
    object 'apres2c' not found
    --- failed re-building 'apcluster.Rnw'
    
    SUMMARY: processing the following file failed:
     'apcluster.Rnw'
    
    Error: Vignette re-building failed.
    Execution halted
Flavors: r-devel-windows-x86_64-gcc10-UCRT, r-patched-solaris-x86, r-release-macos-x86_64, r-oldrel-macos-x86_64

Version: 1.4.8
Check: package dependencies
Result: NOTE
    Packages suggested but not available for checking: 'Biostrings', 'kebabs'
Flavor: r-oldrel-macos-x86_64