CRAN Package Check Results for Package apcluster

Last updated on 2021-03-01 15:47:22 CET.

Flavor Version Tinstall Tcheck Ttotal Status Flags
r-devel-linux-x86_64-debian-clang 1.4.8 OK
r-devel-linux-x86_64-debian-gcc 1.4.8 49.41 96.16 145.57 OK
r-devel-linux-x86_64-fedora-clang 1.4.8 271.41 OK
r-devel-linux-x86_64-fedora-gcc 1.4.8 242.48 OK
r-devel-windows-ix86+x86_64 1.4.8 129.00 167.00 296.00 OK
r-patched-linux-x86_64 1.4.8 59.62 120.20 179.82 OK
r-patched-solaris-x86 1.4.8 256.30 WARN
r-release-linux-x86_64 1.4.8 58.02 121.22 179.24 OK
r-release-macos-x86_64 1.4.8 WARN
r-release-windows-ix86+x86_64 1.4.8 137.00 211.00 348.00 OK
r-oldrel-macos-x86_64 1.4.8 WARN
r-oldrel-windows-ix86+x86_64 1.4.8 117.00 192.00 309.00 OK

Check Details

Version: 1.4.8
Check: package dependencies
Result: NOTE
    Package suggested but not available for checking: ‘kebabs’
Flavors: r-patched-solaris-x86, r-release-macos-x86_64

Version: 1.4.8
Check: re-building of vignette outputs
Result: WARN
    Error(s) in re-building vignettes:
     ...
    --- re-building ‘apcluster.Rnw’ using knitr
    
    Attaching package: 'apcluster'
    
    The following object is masked from 'package:stats':
    
     heatmap
    
    Quitting from lines 387-408 (apcluster.Rnw)
    Error: processing vignette 'apcluster.Rnw' failed with diagnostics:
    object 'apres2c' not found
    --- failed re-building ‘apcluster.Rnw’
    
    SUMMARY: processing the following file failed:
     ‘apcluster.Rnw’
    
    Error: Vignette re-building failed.
    Execution halted
Flavors: r-patched-solaris-x86, r-release-macos-x86_64, r-oldrel-macos-x86_64

Version: 1.4.8
Check: package dependencies
Result: NOTE
    Packages suggested but not available for checking: 'Biostrings', 'kebabs'
Flavor: r-oldrel-macos-x86_64