CRAN Package Check Results for Package apcluster

Last updated on 2021-09-20 14:50:39 CEST.

Flavor Version Tinstall Tcheck Ttotal Status Flags
r-devel-linux-x86_64-debian-clang 1.4.8 74.97 128.98 203.95 OK
r-devel-linux-x86_64-debian-gcc 1.4.8 48.75 99.00 147.75 OK
r-devel-linux-x86_64-fedora-clang 1.4.8 274.73 OK
r-devel-linux-x86_64-fedora-gcc 1.4.8 242.41 OK
r-devel-windows-x86_64 1.4.8 66.00 126.00 192.00 OK
r-devel-windows-x86_64-gcc10-UCRT 1.4.8 ERROR
r-patched-linux-x86_64 1.4.8 59.30 124.34 183.64 OK
r-patched-solaris-x86 1.4.8 256.40 WARN
r-release-linux-x86_64 1.4.8 59.23 124.13 183.36 OK
r-release-macos-arm64 1.4.8 WARN
r-release-macos-x86_64 1.4.8 WARN
r-release-windows-ix86+x86_64 1.4.8 165.00 207.00 372.00 OK
r-oldrel-macos-x86_64 1.4.8 WARN
r-oldrel-windows-ix86+x86_64 1.4.8 164.00 218.00 382.00 OK

Check Details

Version: 1.4.8
Check: whether package can be installed
Result: ERROR
    Installation failed.
Flavor: r-devel-windows-x86_64-gcc10-UCRT

Version: 1.4.8
Check: package dependencies
Result: NOTE
    Package suggested but not available for checking: ‘kebabs’
Flavors: r-patched-solaris-x86, r-release-macos-arm64, r-release-macos-x86_64, r-oldrel-macos-x86_64

Version: 1.4.8
Check: re-building of vignette outputs
Result: WARN
    Error(s) in re-building vignettes:
     ...
    --- re-building ‘apcluster.Rnw’ using knitr
    
    Attaching package: 'apcluster'
    
    The following object is masked from 'package:stats':
    
     heatmap
    
    Quitting from lines 387-408 (apcluster.Rnw)
    Error: processing vignette 'apcluster.Rnw' failed with diagnostics:
    object 'apres2c' not found
    --- failed re-building ‘apcluster.Rnw’
    
    SUMMARY: processing the following file failed:
     ‘apcluster.Rnw’
    
    Error: Vignette re-building failed.
    Execution halted
Flavors: r-patched-solaris-x86, r-release-macos-arm64, r-release-macos-x86_64, r-oldrel-macos-x86_64