CRAN Package Check Results for Package ape

Last updated on 2020-04-05 21:46:39 CEST.

Flavor Version Tinstall Tcheck Ttotal Status Flags
r-devel-linux-x86_64-debian-clang 5.3 68.48 180.71 249.19 OK
r-devel-linux-x86_64-debian-gcc 5.3 0.63 3.80 4.43 ERROR
r-devel-linux-x86_64-fedora-clang 5.3 309.11 OK
r-devel-linux-x86_64-fedora-gcc 5.3 286.01 OK
r-devel-windows-ix86+x86_64 5.3 115.00 242.00 357.00 OK
r-devel-windows-ix86+x86_64-gcc8 5.3 128.00 255.00 383.00 OK
r-patched-linux-x86_64 5.3 56.74 176.36 233.10 OK
r-patched-solaris-x86 5.3 365.20 OK
r-release-linux-x86_64 5.3 49.84 161.55 211.39 OK
r-release-windows-ix86+x86_64 5.3 127.00 299.00 426.00 OK
r-release-osx-x86_64 5.3 OK
r-oldrel-windows-ix86+x86_64 5.3 156.00 200.00 356.00 OK
r-oldrel-osx-x86_64 5.3 OK

Additional issues

LTO

Check Details

Version: 5.3
Check: whether package can be installed
Result: ERROR
    Installation failed.
Flavor: r-devel-linux-x86_64-debian-gcc