CRAN Package Check Results for Package ape

Last updated on 2022-10-06 11:50:12 CEST.

Flavor Version Tinstall Tcheck Ttotal Status Flags
r-devel-linux-x86_64-debian-clang 5.6-2 78.05 290.27 368.32 OK
r-devel-linux-x86_64-debian-gcc 5.6-2 52.73 208.31 261.04 OK
r-devel-linux-x86_64-fedora-clang 5.6-2 454.66 WARN
r-devel-linux-x86_64-fedora-gcc 5.6-2 427.57 WARN
r-devel-windows-x86_64 5.6-2 160.00 438.00 598.00 OK
r-patched-linux-x86_64 5.6-2 69.49 270.48 339.97 OK
r-release-linux-x86_64 5.6-2 57.87 270.45 328.32 OK
r-release-macos-arm64 5.6-2 114.00 OK
r-release-macos-x86_64 5.6-2 164.00 OK
r-release-windows-x86_64 5.6-2 168.00 427.00 595.00 OK
r-oldrel-macos-arm64 5.6-2 139.00 NOTE
r-oldrel-macos-x86_64 5.6-2 177.00 OK
r-oldrel-windows-ix86+x86_64 5.6-2 152.00 381.00 533.00 NOTE

Check Details

Version: 5.6-2
Check: whether package can be installed
Result: WARN
    Found the following significant warnings:
     ./me.h:122:14: warning: a function declaration without a prototype is deprecated in all versions of C [-Wstrict-prototypes]
     me.c:234:14: warning: a function declaration without a prototype is deprecated in all versions of C [-Wstrict-prototypes]
Flavor: r-devel-linux-x86_64-fedora-clang

Version: 5.6-2
Check: whether package can be installed
Result: WARN
    Found the following significant warnings:
     me.h:122:1: warning: function declaration isn’t a prototype [-Wstrict-prototypes]
     me.c:234:7: warning: function declaration isn’t a prototype [-Wstrict-prototypes]
Flavor: r-devel-linux-x86_64-fedora-gcc

Version: 5.6-2
Check: installed package size
Result: NOTE
     installed size is 5.2Mb
     sub-directories of 1Mb or more:
     R 1.1Mb
     doc 1.3Mb
     libs 1.9Mb
Flavors: r-oldrel-macos-arm64, r-oldrel-windows-ix86+x86_64