Last updated on 2023-03-20 22:55:23 CET.
Flavor | Version | Tinstall | Tcheck | Ttotal | Status | Flags |
---|---|---|---|---|---|---|
r-devel-linux-x86_64-debian-clang | 5.7-1 | OK | ||||
r-devel-linux-x86_64-debian-gcc | 5.7-1 | 58.40 | 214.68 | 273.08 | OK | |
r-devel-linux-x86_64-fedora-clang | 5.7-1 | 463.09 | OK | |||
r-devel-linux-x86_64-fedora-gcc | 5.7-1 | 435.74 | OK | |||
r-devel-windows-x86_64 | 5.7-1 | 165.00 | 453.00 | 618.00 | OK | |
r-patched-linux-x86_64 | 5.7-1 | 63.90 | 267.28 | 331.18 | OK | |
r-release-linux-x86_64 | 5.7-1 | 62.84 | 273.09 | 335.93 | OK | |
r-release-macos-arm64 | 5.7-1 | 116.00 | NOTE | |||
r-release-macos-x86_64 | 5.7-1 | 157.00 | OK | |||
r-release-windows-x86_64 | 5.7-1 | 186.00 | 443.00 | 629.00 | OK | |
r-oldrel-macos-arm64 | 5.7-1 | 109.00 | OK | |||
r-oldrel-macos-x86_64 | 5.7-1 | 154.00 | OK | |||
r-oldrel-windows-ix86+x86_64 | 5.7-1 | 158.00 | 373.00 | 531.00 | NOTE |
Version: 5.7-1
Check: installed package size
Result: NOTE
installed size is 5.9Mb
sub-directories of 1Mb or more:
R 2.0Mb
doc 1.2Mb
libs 1.6Mb
Flavors: r-release-macos-arm64, r-oldrel-windows-ix86+x86_64