CRAN Package Check Results for Package ape

Last updated on 2020-01-26 11:47:28 CET.

Flavor Version Tinstall Tcheck Ttotal Status Flags
r-devel-linux-x86_64-debian-clang 5.3 64.39 181.28 245.67 OK
r-devel-linux-x86_64-debian-gcc 5.3 44.53 136.84 181.37 OK
r-devel-linux-x86_64-fedora-clang 5.3 298.89 OK
r-devel-linux-x86_64-fedora-gcc 5.3 284.28 OK
r-devel-windows-ix86+x86_64 5.3 172.00 340.00 512.00 OK
r-devel-windows-ix86+x86_64-gcc8 5.3 163.00 269.00 432.00 OK
r-patched-linux-x86_64 5.3 46.05 162.56 208.61 OK
r-patched-solaris-x86 5.3 329.60 OK
r-release-linux-x86_64 5.3 49.23 159.74 208.97 OK
r-release-windows-ix86+x86_64 5.3 3.00 5.00 8.00 ERROR
r-release-osx-x86_64 5.3 OK
r-oldrel-windows-ix86+x86_64 5.3 113.00 195.00 308.00 OK
r-oldrel-osx-x86_64 5.3 OK

Additional issues

LTO

Check Details

Version: 5.3
Check: whether package can be installed
Result: ERROR
    Installation failed.
Flavor: r-release-windows-ix86+x86_64