Last updated on 2023-04-01 02:50:15 CEST.
Flavor | Version | Tinstall | Tcheck | Ttotal | Status | Flags |
---|---|---|---|---|---|---|
r-devel-linux-x86_64-debian-clang | 0.2.4 | 1.93 | 22.66 | 24.59 | NOTE | |
r-devel-linux-x86_64-debian-gcc | 0.2.4 | 1.61 | 18.03 | 19.64 | NOTE | |
r-devel-linux-x86_64-fedora-clang | 0.2.4 | 31.80 | NOTE | |||
r-devel-linux-x86_64-fedora-gcc | 0.2.4 | 30.09 | NOTE | |||
r-devel-windows-x86_64 | 0.2.4 | 12.00 | 0.00 | 12.00 | NOTE | |
r-patched-linux-x86_64 | 0.2.4 | 2.09 | 21.57 | 23.66 | NOTE | |
r-release-linux-x86_64 | 0.2.4 | 2.08 | 25.02 | 27.10 | NOTE | |
r-release-macos-arm64 | 0.2.4 | 16.00 | NOTE | |||
r-release-macos-x86_64 | 0.2.4 | 22.00 | NOTE | |||
r-release-windows-x86_64 | 0.2.4 | 17.00 | 67.00 | 84.00 | NOTE | |
r-oldrel-macos-arm64 | 0.2.4 | 24.00 | NOTE | |||
r-oldrel-macos-x86_64 | 0.2.4 | 28.00 | NOTE | |||
r-oldrel-windows-ix86+x86_64 | 0.2.4 | 6.00 | 50.00 | 56.00 | NOTE |
Version: 0.2.4
Check: LazyData
Result: NOTE
'LazyData' is specified without a 'data' directory
Flavors: r-devel-linux-x86_64-debian-clang, r-devel-linux-x86_64-debian-gcc, r-devel-linux-x86_64-fedora-clang, r-devel-linux-x86_64-fedora-gcc, r-devel-windows-x86_64, r-patched-linux-x86_64, r-release-linux-x86_64, r-release-macos-arm64, r-release-macos-x86_64, r-release-windows-x86_64, r-oldrel-macos-arm64, r-oldrel-macos-x86_64, r-oldrel-windows-ix86+x86_64
Version: 0.2.4
Check: dependencies in R code
Result: NOTE
Namespace in Imports field not imported from: ‘pls’
All declared Imports should be used.
Flavors: r-devel-linux-x86_64-fedora-clang, r-devel-linux-x86_64-fedora-gcc, r-release-macos-arm64, r-release-macos-x86_64, r-oldrel-macos-arm64, r-oldrel-macos-x86_64