CRAN Package Check Results for Package apercu

Last updated on 2020-09-19 10:47:59 CEST.

Flavor Version Tinstall Tcheck Ttotal Status Flags
r-devel-linux-x86_64-debian-clang 0.2.4 2.15 21.48 23.63 OK
r-devel-linux-x86_64-debian-gcc 0.2.4 1.64 16.82 18.46 OK
r-devel-linux-x86_64-fedora-clang 0.2.4 40.23 NOTE
r-devel-linux-x86_64-fedora-gcc 0.2.4 29.30 NOTE
r-devel-windows-ix86+x86_64 0.2.4 5.00 40.00 45.00 OK
r-patched-linux-x86_64 0.2.4 2.25 21.69 23.94 OK
r-patched-solaris-x86 0.2.4 42.50 NOTE
r-release-linux-x86_64 0.2.4 2.20 21.39 23.59 OK
r-release-macos-x86_64 0.2.4 NOTE
r-release-windows-ix86+x86_64 0.2.4 5.00 33.00 38.00 OK
r-oldrel-macos-x86_64 0.2.4 NOTE
r-oldrel-windows-ix86+x86_64 0.2.4 3.00 38.00 41.00 OK

Check Details

Version: 0.2.4
Check: dependencies in R code
Result: NOTE
    Namespace in Imports field not imported from: ‘pls’
     All declared Imports should be used.
Flavors: r-devel-linux-x86_64-fedora-clang, r-devel-linux-x86_64-fedora-gcc, r-patched-solaris-x86, r-release-macos-x86_64, r-oldrel-macos-x86_64