Last updated on 2023-01-30 15:55:59 CET.
Flavor | Version | Tinstall | Tcheck | Ttotal | Status | Flags |
---|---|---|---|---|---|---|
r-devel-linux-x86_64-debian-clang | 1.0.4 | 21.55 | 167.68 | 189.23 | NOTE | |
r-devel-linux-x86_64-debian-gcc | 1.0.4 | 17.02 | 123.41 | 140.43 | NOTE | |
r-devel-linux-x86_64-fedora-clang | 1.0.4 | 227.91 | NOTE | |||
r-devel-linux-x86_64-fedora-gcc | 1.0.4 | 254.86 | NOTE | |||
r-devel-windows-x86_64 | 1.0.4 | 39.00 | 207.00 | 246.00 | NOTE | |
r-patched-linux-x86_64 | 1.0.4 | 25.54 | 157.73 | 183.27 | NOTE | |
r-release-linux-x86_64 | 1.0.4 | 16.51 | 163.14 | 179.65 | NOTE | |
r-release-macos-arm64 | 1.0.4 | 57.00 | NOTE | |||
r-release-macos-x86_64 | 1.0.4 | 89.00 | NOTE | |||
r-release-windows-x86_64 | 1.0.4 | 39.00 | 207.00 | 246.00 | NOTE | |
r-oldrel-macos-arm64 | 1.0.4 | 91.00 | NOTE | |||
r-oldrel-macos-x86_64 | 1.0.4 | 154.00 | NOTE | |||
r-oldrel-windows-ix86+x86_64 | 1.0.4 | 45.00 | 185.00 | 230.00 | NOTE |
Version: 1.0.4
Check: LazyData
Result: NOTE
'LazyData' is specified without a 'data' directory
Flavors: r-devel-linux-x86_64-debian-clang, r-devel-linux-x86_64-debian-gcc, r-devel-linux-x86_64-fedora-clang, r-devel-linux-x86_64-fedora-gcc, r-devel-windows-x86_64, r-patched-linux-x86_64, r-release-linux-x86_64, r-release-macos-arm64, r-release-macos-x86_64, r-release-windows-x86_64, r-oldrel-macos-arm64, r-oldrel-macos-x86_64, r-oldrel-windows-ix86+x86_64