Last updated on 2023-02-09 11:54:36 CET.
Flavor | Version | Tinstall | Tcheck | Ttotal | Status | Flags |
---|---|---|---|---|---|---|
r-devel-linux-x86_64-debian-clang | 0.3-2 | 76.77 | 208.80 | 285.57 | NOTE | |
r-devel-linux-x86_64-debian-gcc | 0.3-2 | 58.54 | 153.56 | 212.10 | NOTE | |
r-devel-linux-x86_64-fedora-clang | 0.3-2 | 373.54 | NOTE | |||
r-devel-linux-x86_64-fedora-gcc | 0.3-2 | 379.49 | NOTE | |||
r-devel-windows-x86_64 | 0.3-2 | 113.00 | 263.00 | 376.00 | NOTE | |
r-patched-linux-x86_64 | 0.3-2 | 65.63 | 196.77 | 262.40 | OK | |
r-release-linux-x86_64 | 0.3-2 | 66.62 | 198.60 | 265.22 | OK | |
r-release-macos-arm64 | 0.3-2 | 85.00 | OK | |||
r-release-macos-x86_64 | 0.3-2 | 132.00 | OK | |||
r-release-windows-x86_64 | 0.3-2 | 92.00 | 280.00 | 372.00 | OK | |
r-oldrel-macos-arm64 | 0.3-2 | 86.00 | OK | |||
r-oldrel-macos-x86_64 | 0.3-2 | 128.00 | OK | |||
r-oldrel-windows-ix86+x86_64 | 0.3-2 | 174.00 | 381.00 | 555.00 | OK |
Version: 0.3-2
Check: C++ specification
Result: NOTE
Specified C++11: please update to current default of C++17
Flavor: r-devel-linux-x86_64-debian-clang
Version: 0.3-2
Check: C++ specification
Result: NOTE
Specified C++11: please drop specification unless essential
Flavors: r-devel-linux-x86_64-debian-gcc, r-devel-linux-x86_64-fedora-clang, r-devel-linux-x86_64-fedora-gcc, r-devel-windows-x86_64