CRAN Package Check Results for Package apisensr

Last updated on 2023-01-30 02:54:01 CET.

Flavor Version Tinstall Tcheck Ttotal Status Flags
r-devel-linux-x86_64-debian-clang 0.3.0 14.09 111.56 125.65 NOTE
r-devel-linux-x86_64-debian-gcc 0.3.0 10.37 80.32 90.69 NOTE
r-devel-linux-x86_64-fedora-clang 0.3.0 157.63 NOTE
r-devel-linux-x86_64-fedora-gcc 0.3.0 141.91 NOTE
r-devel-windows-x86_64 0.3.0 19.00 141.00 160.00 NOTE
r-patched-linux-x86_64 0.3.0 9.98 107.63 117.61 NOTE
r-release-linux-x86_64 0.3.0 13.78 107.49 121.27 NOTE
r-release-macos-arm64 0.3.0 44.00 NOTE
r-release-macos-x86_64 0.3.0 70.00 NOTE
r-release-windows-x86_64 0.3.0 30.00 140.00 170.00 NOTE
r-oldrel-macos-arm64 0.3.0 52.00 NOTE
r-oldrel-macos-x86_64 0.3.0 81.00 NOTE
r-oldrel-windows-ix86+x86_64 0.3.0 37.00 148.00 185.00 NOTE

Check Details

Version: 0.3.0
Check: LazyData
Result: NOTE
     'LazyData' is specified without a 'data' directory
Flavors: r-devel-linux-x86_64-debian-clang, r-devel-linux-x86_64-debian-gcc, r-devel-linux-x86_64-fedora-clang, r-devel-linux-x86_64-fedora-gcc, r-devel-windows-x86_64, r-patched-linux-x86_64, r-release-linux-x86_64, r-release-macos-arm64, r-release-macos-x86_64, r-release-windows-x86_64, r-oldrel-macos-arm64, r-oldrel-macos-x86_64, r-oldrel-windows-ix86+x86_64