CRAN Package Check Results for Package apisensr

Last updated on 2021-10-24 20:50:55 CEST.

Flavor Version Tinstall Tcheck Ttotal Status Flags
r-devel-linux-x86_64-debian-clang 0.3.0 12.23 107.93 120.16 NOTE
r-devel-linux-x86_64-debian-gcc 0.3.0 9.98 80.40 90.38 NOTE
r-devel-linux-x86_64-fedora-clang 0.3.0 152.37 NOTE
r-devel-linux-x86_64-fedora-gcc 0.3.0 141.60 NOTE
r-devel-windows-x86_64 0.3.0 27.00 149.00 176.00 NOTE
r-devel-windows-x86_64-gcc10-UCRT 0.3.0 NOTE
r-patched-linux-x86_64 0.3.0 12.36 102.32 114.68 NOTE
r-patched-solaris-x86 0.3.0 202.70 NOTE
r-release-linux-x86_64 0.3.0 13.03 101.84 114.87 NOTE
r-release-macos-arm64 0.3.0 NOTE
r-release-macos-x86_64 0.3.0 NOTE
r-release-windows-ix86+x86_64 0.3.0 22.00 128.00 150.00 NOTE
r-oldrel-macos-x86_64 0.3.0 OK
r-oldrel-windows-ix86+x86_64 0.3.0 35.00 153.00 188.00 OK

Check Details

Version: 0.3.0
Check: LazyData
Result: NOTE
     'LazyData' is specified without a 'data' directory
Flavors: r-devel-linux-x86_64-debian-clang, r-devel-linux-x86_64-debian-gcc, r-devel-linux-x86_64-fedora-clang, r-devel-linux-x86_64-fedora-gcc, r-devel-windows-x86_64, r-devel-windows-x86_64-gcc10-UCRT, r-patched-linux-x86_64, r-patched-solaris-x86, r-release-linux-x86_64, r-release-macos-arm64, r-release-macos-x86_64, r-release-windows-ix86+x86_64