CRAN Package Check Results for Package aplot

Last updated on 2020-12-05 22:52:39 CET.

Flavor Version Tinstall Tcheck Ttotal Status Flags
r-devel-linux-x86_64-debian-clang 0.0.6 5.16 41.53 46.69 OK
r-devel-linux-x86_64-debian-gcc 0.0.6 4.26 30.90 35.16 OK
r-devel-linux-x86_64-fedora-clang 0.0.6 58.96 OK
r-devel-linux-x86_64-fedora-gcc 0.0.6 50.38 OK
r-devel-windows-ix86+x86_64 0.0.6 11.00 57.00 68.00 OK
r-patched-linux-x86_64 0.0.6 4.28 37.66 41.94 OK
r-patched-solaris-x86 0.0.6 73.10 OK
r-release-linux-x86_64 0.0.6 5.37 38.45 43.82 OK
r-release-macos-x86_64 0.0.6 ERROR
r-release-windows-ix86+x86_64 0.0.6 9.00 47.00 56.00 OK
r-oldrel-macos-x86_64 0.0.6 ERROR
r-oldrel-windows-ix86+x86_64 0.0.6 8.00 54.00 62.00 OK

Check Details

Version: 0.0.6
Check: package dependencies
Result: NOTE
    Package suggested but not available for checking: ‘ggtree’
Flavor: r-release-macos-x86_64

Version: 0.0.6
Check: examples
Result: ERROR
    Running examples in ‘aplot-Ex.R’ failed
    The error most likely occurred in:
    
    > ### Name: insert_left
    > ### Title: plot-insertion
    > ### Aliases: insert_left insert_right insert_top insert_bottom
    >
    > ### ** Examples
    >
    > library(ggplot2)
    > library(aplot)
    >
    > p <- ggplot(mtcars, aes(mpg, disp)) + geom_point()
    > p2 <- ggplot(mtcars, aes(mpg)) +
    + geom_density(fill='steelblue', alpha=.5) +
    + ggtree::theme_dendrogram()
    Error in loadNamespace(name) : there is no package called ‘ggtree’
    Calls: :: ... loadNamespace -> withRestarts -> withOneRestart -> doWithOneRestart
    Execution halted
Flavor: r-release-macos-x86_64

Version: 0.0.6
Check: examples
Result: ERROR
    Running examples in ‘aplot-Ex.R’ failed
    The error most likely occurred in:
    
    > ### Name: insert_left
    > ### Title: plot-insertion
    > ### Aliases: insert_left insert_right insert_top insert_bottom
    >
    > ### ** Examples
    >
    > library(ggplot2)
    > library(aplot)
    >
    > p <- ggplot(mtcars, aes(mpg, disp)) + geom_point()
    > p2 <- ggplot(mtcars, aes(mpg)) +
    + geom_density(fill='steelblue', alpha=.5) +
    + ggtree::theme_dendrogram()
    Error: 'theme_dendrogram' is not an exported object from 'namespace:ggtree'
    Execution halted
Flavor: r-oldrel-macos-x86_64