CRAN Package Check Results for Package apng

Last updated on 2020-09-21 17:03:14 CEST.

Flavor Version Tinstall Tcheck Ttotal Status Flags
r-devel-linux-x86_64-debian-clang 1.0 2.26 20.10 22.36 NOTE
r-devel-linux-x86_64-debian-gcc 1.0 1.52 15.75 17.27 NOTE
r-devel-linux-x86_64-fedora-clang 1.0 36.68 NOTE
r-devel-linux-x86_64-fedora-gcc 1.0 26.92 NOTE
r-devel-windows-ix86+x86_64 1.0 5.00 32.00 37.00 OK
r-patched-linux-x86_64 1.0 2.06 20.13 22.19 NOTE
r-patched-solaris-x86 1.0 40.10 NOTE
r-release-linux-x86_64 1.0 2.18 19.89 22.07 NOTE
r-release-macos-x86_64 1.0 OK
r-release-windows-ix86+x86_64 1.0 5.00 32.00 37.00 OK
r-oldrel-macos-x86_64 1.0 OK
r-oldrel-windows-ix86+x86_64 1.0 4.00 41.00 45.00 OK

Check Details

Version: 1.0
Check: for non-standard things in the check directory
Result: NOTE
    Found the following files/directories:
     '1.png' '2.png' 'output.png'
Flavors: r-devel-linux-x86_64-debian-clang, r-devel-linux-x86_64-debian-gcc, r-devel-linux-x86_64-fedora-clang, r-devel-linux-x86_64-fedora-gcc, r-patched-linux-x86_64, r-patched-solaris-x86, r-release-linux-x86_64