CRAN Package Check Results for Package appnn

Last updated on 2021-04-17 19:49:36 CEST.

Flavor Version Tinstall Tcheck Ttotal Status Flags
r-devel-linux-x86_64-debian-clang 1.0-0 1.90 20.31 22.21 NOTE
r-devel-linux-x86_64-debian-gcc 1.0-0 1.41 16.58 17.99 NOTE
r-devel-linux-x86_64-fedora-clang 1.0-0 36.95 NOTE
r-devel-linux-x86_64-fedora-gcc 1.0-0 26.61 NOTE
r-devel-windows-ix86+x86_64 1.0-0 4.00 32.00 36.00 NOTE
r-devel-windows-x86_64-gcc10-UCRT 1.0-0 NOTE
r-patched-linux-x86_64 1.0-0 1.56 19.70 21.26 OK
r-patched-solaris-x86 1.0-0 41.90 OK
r-release-linux-x86_64 1.0-0 1.69 19.73 21.42 OK
r-release-macos-x86_64 1.0-0 OK
r-release-windows-ix86+x86_64 1.0-0 4.00 29.00 33.00 OK
r-oldrel-macos-x86_64 1.0-0 OK
r-oldrel-windows-ix86+x86_64 1.0-0 4.00 34.00 38.00 OK

Check Details

Version: 1.0-0
Check: LazyData
Result: NOTE
     'LazyData' is specified without a 'data' directory
Flavors: r-devel-linux-x86_64-debian-clang, r-devel-linux-x86_64-debian-gcc, r-devel-linux-x86_64-fedora-clang, r-devel-linux-x86_64-fedora-gcc, r-devel-windows-ix86+x86_64, r-devel-windows-x86_64-gcc10-UCRT