CRAN Package Check Results for Package approxOT

Last updated on 2022-05-29 03:52:04 CEST.

Flavor Version Tinstall Tcheck Ttotal Status Flags
r-devel-linux-x86_64-debian-clang 1.0.2 311.69 98.89 410.58 OK
r-devel-linux-x86_64-debian-gcc 1.0.2 234.01 70.84 304.85 OK
r-devel-linux-x86_64-fedora-clang 1.0.2 651.61 NOTE
r-devel-linux-x86_64-fedora-gcc 1.0.2 518.56 OK
r-devel-windows-x86_64 1.0.2 170.00 132.00 302.00 OK
r-patched-linux-x86_64 1.0.2 265.45 100.12 365.57 OK
r-release-linux-x86_64 1.0.2 264.84 100.32 365.16 OK
r-release-macos-arm64 1.0.2 121.00 NOTE
r-release-macos-x86_64 1.0.2 157.00 NOTE
r-release-windows-x86_64 1.0.2 258.00 138.00 396.00 OK
r-oldrel-macos-arm64 1.0.2 123.00 NOTE
r-oldrel-macos-x86_64 1.0.2 151.00 NOTE
r-oldrel-windows-ix86+x86_64 1.0.2 716.00 214.00 930.00 OK

Check Details

Version: 1.0.2
Check: installed package size
Result: NOTE
     installed size is 30.4Mb
     sub-directories of 1Mb or more:
     libs 30.0Mb
Flavors: r-devel-linux-x86_64-fedora-clang, r-release-macos-arm64, r-release-macos-x86_64, r-oldrel-macos-arm64, r-oldrel-macos-x86_64