CRAN Package Check Results for Package aprof

Last updated on 2020-04-02 10:48:57 CEST.

Flavor Version Tinstall Tcheck Ttotal Status Flags
r-devel-linux-x86_64-debian-clang 0.4.1 2.66 20.11 22.77 OK
r-devel-linux-x86_64-debian-gcc 0.4.1 2.15 15.92 18.07 OK
r-devel-linux-x86_64-fedora-clang 0.4.1 27.78 NOTE
r-devel-linux-x86_64-fedora-gcc 0.4.1 27.20 NOTE
r-devel-windows-ix86+x86_64 0.4.1 6.00 30.00 36.00 OK
r-devel-windows-ix86+x86_64-gcc8 0.4.1 8.00 38.00 46.00 OK
r-patched-linux-x86_64 0.4.1 2.53 19.67 22.20 OK
r-patched-solaris-x86 0.4.1 43.40 NOTE
r-release-linux-x86_64 0.4.1 1.90 18.50 20.40 OK
r-release-windows-ix86+x86_64 0.4.1 5.00 33.00 38.00 OK
r-release-osx-x86_64 0.4.1 NOTE
r-oldrel-windows-ix86+x86_64 0.4.1 4.00 33.00 37.00 OK
r-oldrel-osx-x86_64 0.4.1 NOTE

Check Details

Version: 0.4.1
Check: dependencies in R code
Result: NOTE
    Namespace in Imports field not imported from: ‘testthat’
     All declared Imports should be used.
Flavors: r-devel-linux-x86_64-fedora-clang, r-devel-linux-x86_64-fedora-gcc, r-patched-solaris-x86, r-release-osx-x86_64, r-oldrel-osx-x86_64