CRAN Package Check Results for Package aprof

Last updated on 2024-02-26 03:59:02 CET.

Flavor Version Tinstall Tcheck Ttotal Status Flags
r-devel-linux-x86_64-debian-clang 0.4.1 2.89 22.67 25.56 OK
r-devel-linux-x86_64-debian-gcc 0.4.1 2.14 18.10 20.24 OK
r-devel-linux-x86_64-fedora-clang 0.4.1 31.67 NOTE
r-devel-linux-x86_64-fedora-gcc 0.4.1 30.31 NOTE
r-devel-windows-x86_64 0.4.1 4.00 41.00 45.00 OK
r-patched-linux-x86_64 0.4.1 3.13 22.68 25.81 OK
r-release-linux-x86_64 0.4.1 2.65 22.38 25.03 OK
r-release-macos-arm64 0.4.1 17.00 OK
r-release-macos-x86_64 0.4.1 19.00 OK
r-release-windows-x86_64 0.4.1 4.00 40.00 44.00 OK
r-oldrel-macos-arm64 0.4.1 17.00 NOTE
r-oldrel-windows-x86_64 0.4.1 4.00 43.00 47.00 OK

Check Details

Version: 0.4.1
Check: dependencies in R code
Result: NOTE Namespace in Imports field not imported from: ‘testthat’ All declared Imports should be used. Flavors: r-devel-linux-x86_64-fedora-clang, r-devel-linux-x86_64-fedora-gcc, r-oldrel-macos-arm64