CRAN Package Check Results for Package aprof

Last updated on 2020-09-21 10:47:08 CEST.

Flavor Version Tinstall Tcheck Ttotal Status Flags
r-devel-linux-x86_64-debian-clang 0.4.1 2.73 20.48 23.21 OK
r-devel-linux-x86_64-debian-gcc 0.4.1 1.79 16.27 18.06 OK
r-devel-linux-x86_64-fedora-clang 0.4.1 37.41 NOTE
r-devel-linux-x86_64-fedora-gcc 0.4.1 27.92 NOTE
r-devel-windows-ix86+x86_64 0.4.1 6.00 31.00 37.00 OK
r-patched-linux-x86_64 0.4.1 2.44 20.76 23.20 OK
r-patched-solaris-x86 0.4.1 42.40 NOTE
r-release-linux-x86_64 0.4.1 2.48 20.50 22.98 OK
r-release-macos-x86_64 0.4.1 NOTE
r-release-windows-ix86+x86_64 0.4.1 6.00 32.00 38.00 OK
r-oldrel-macos-x86_64 0.4.1 NOTE
r-oldrel-windows-ix86+x86_64 0.4.1 4.00 36.00 40.00 OK

Check Details

Version: 0.4.1
Check: dependencies in R code
Result: NOTE
    Namespace in Imports field not imported from: ‘testthat’
     All declared Imports should be used.
Flavors: r-devel-linux-x86_64-fedora-clang, r-devel-linux-x86_64-fedora-gcc, r-patched-solaris-x86, r-release-macos-x86_64, r-oldrel-macos-x86_64