Last updated on 2021-01-18 21:49:08 CET.
Flavor | Version | Tinstall | Tcheck | Ttotal | Status | Flags |
---|---|---|---|---|---|---|
r-devel-linux-x86_64-debian-clang | 1.971 | 12.46 | 129.87 | 142.33 | OK | |
r-devel-linux-x86_64-debian-gcc | 1.971 | 8.88 | 99.25 | 108.13 | OK | |
r-devel-linux-x86_64-fedora-clang | 1.971 | 177.82 | NOTE | |||
r-devel-linux-x86_64-fedora-gcc | 1.971 | 168.95 | OK | |||
r-devel-windows-ix86+x86_64 | 1.964 | 17.00 | 114.00 | 131.00 | NOTE | |
r-patched-linux-x86_64 | 1.971 | 11.65 | 124.75 | 136.40 | OK | |
r-patched-solaris-x86 | 1.971 | 235.30 | NOTE | |||
r-release-linux-x86_64 | 1.971 | 11.18 | 126.00 | 137.18 | OK | |
r-release-macos-x86_64 | 1.971 | NOTE | ||||
r-release-windows-ix86+x86_64 | 1.971 | 21.00 | 127.00 | 148.00 | NOTE | |
r-oldrel-macos-x86_64 | 1.971 | NOTE | ||||
r-oldrel-windows-ix86+x86_64 | 1.971 | 18.00 | 110.00 | 128.00 | NOTE |
Version: 1.971
Check: installed package size
Result: NOTE
installed size is 7.4Mb
sub-directories of 1Mb or more:
extdata 6.4Mb
Flavors: r-devel-linux-x86_64-fedora-clang, r-patched-solaris-x86, r-release-macos-x86_64, r-release-windows-ix86+x86_64, r-oldrel-macos-x86_64, r-oldrel-windows-ix86+x86_64
Version: 1.964
Check: installed package size
Result: NOTE
installed size is 7.3Mb
sub-directories of 1Mb or more:
extdata 6.3Mb
Flavor: r-devel-windows-ix86+x86_64