CRAN Package Check Results for Package aptg

Last updated on 2021-05-16 18:47:30 CEST.

Flavor Version Tinstall Tcheck Ttotal Status Flags
r-devel-linux-x86_64-debian-clang 0.1.1 9.96 90.57 100.53 NOTE --no-vignettes
r-devel-linux-x86_64-debian-gcc 0.1.1 9.02 69.06 78.08 NOTE --no-vignettes
r-devel-linux-x86_64-fedora-clang 0.1.1 140.00 NOTE
r-devel-linux-x86_64-fedora-gcc 0.1.1 141.83 NOTE
r-devel-windows-ix86+x86_64 0.1.1 28.00 76.00 104.00 NOTE --no-vignettes
r-devel-windows-x86_64-gcc10-UCRT 0.1.1 NOTE
r-patched-linux-x86_64 0.1.1 10.16 86.14 96.30 NOTE --no-vignettes
r-patched-solaris-x86 0.1.1 213.30 NOTE
r-release-linux-x86_64 0.1.1 11.49 85.09 96.58 OK --no-vignettes
r-release-macos-x86_64 0.1.1 OK
r-release-windows-ix86+x86_64 0.1.1 20.00 114.00 134.00 OK --no-vignettes
r-oldrel-macos-x86_64 0.1.1 OK
r-oldrel-windows-ix86+x86_64 0.1.1 16.00 117.00 133.00 OK --no-vignettes

Check Details

Version: 0.1.1
Flags: --no-vignettes
Check: LazyData
Result: NOTE
     'LazyData' is specified without a 'data' directory
Flavors: r-devel-linux-x86_64-debian-clang, r-devel-linux-x86_64-debian-gcc, r-devel-windows-ix86+x86_64, r-patched-linux-x86_64

Version: 0.1.1
Check: LazyData
Result: NOTE
     'LazyData' is specified without a 'data' directory
Flavors: r-devel-linux-x86_64-fedora-clang, r-devel-linux-x86_64-fedora-gcc, r-devel-windows-x86_64-gcc10-UCRT, r-patched-solaris-x86