CRAN Package Check Results for Package aqp

Last updated on 2021-06-22 18:49:08 CEST.

Flavor Version Tinstall Tcheck Ttotal Status Flags
r-devel-linux-x86_64-debian-clang 1.29 20.73 265.09 285.82 OK
r-devel-linux-x86_64-debian-gcc 1.29 17.06 183.18 200.24 OK
r-devel-linux-x86_64-fedora-clang 1.29 328.79 NOTE
r-devel-linux-x86_64-fedora-gcc 1.29 310.90 NOTE
r-devel-windows-x86_64 1.29 31.00 277.00 308.00 OK
r-devel-windows-x86_64-gcc10-UCRT 1.29 NOTE
r-patched-linux-x86_64 1.29 26.26 233.61 259.87 OK
r-patched-solaris-x86 1.29 390.90 NOTE
r-release-linux-x86_64 1.29 22.21 234.31 256.52 OK
r-release-macos-arm64 1.29 NOTE
r-release-macos-x86_64 1.29 NOTE
r-release-windows-ix86+x86_64 1.29 37.00 219.00 256.00 OK
r-oldrel-macos-x86_64 1.29 NOTE

Check Details

Version: 1.29
Check: data for non-ASCII characters
Result: NOTE
     Note: found 1 marked Latin-1 string
Flavors: r-devel-linux-x86_64-fedora-clang, r-devel-linux-x86_64-fedora-gcc, r-devel-windows-x86_64-gcc10-UCRT, r-patched-solaris-x86, r-release-macos-arm64, r-release-macos-x86_64, r-oldrel-macos-x86_64

Version: 1.29
Check: package dependencies
Result: NOTE
    Packages suggested but not available for checking: 'soilDB', 'sharpshootR'
Flavor: r-devel-windows-x86_64-gcc10-UCRT

Version: 1.29
Check: package dependencies
Result: NOTE
    Package suggested but not available for checking: ‘Gmedian’
Flavor: r-oldrel-macos-x86_64