CRAN Package Check Results for Package ar.matrix

Last updated on 2023-12-08 23:55:23 CET.

Flavor Version Tinstall Tcheck Ttotal Status Flags
r-devel-linux-x86_64-debian-clang 0.1.0 2.68 33.23 35.91 OK
r-devel-linux-x86_64-debian-gcc 0.1.0 1.95 25.31 27.26 OK
r-devel-linux-x86_64-fedora-clang 0.1.0 46.38 NOTE
r-devel-linux-x86_64-fedora-gcc 0.1.0 41.67 NOTE
r-devel-windows-x86_64 0.1.0 3.00 48.00 51.00 OK
r-patched-linux-x86_64 0.1.0 2.69 32.07 34.76 OK
r-release-linux-x86_64 0.1.0 1.81 31.43 33.24 OK
r-release-macos-arm64 0.1.0 22.00 OK
r-release-macos-x86_64 0.1.0 30.00 OK
r-release-windows-x86_64 0.1.0 4.00 51.00 55.00 OK
r-oldrel-macos-arm64 0.1.0 20.00 NOTE
r-oldrel-macos-x86_64 0.1.0 24.00 NOTE
r-oldrel-windows-x86_64 0.1.0 4.00 53.00 57.00 OK

Check Details

Version: 0.1.0
Check: dependencies in R code
Result: NOTE Namespace in Imports field not imported from: ‘sp’ All declared Imports should be used. Flavors: r-devel-linux-x86_64-fedora-clang, r-devel-linux-x86_64-fedora-gcc, r-oldrel-macos-arm64, r-oldrel-macos-x86_64