CRAN Package Check Results for Package arabic2kansuji

Last updated on 2021-06-14 13:53:08 CEST.

Flavor Version Tinstall Tcheck Ttotal Status Flags
r-devel-linux-x86_64-debian-clang 0.1.1 1.85 22.47 24.32 NOTE
r-devel-linux-x86_64-debian-gcc 0.1.1 1.57 17.86 19.43 NOTE
r-devel-linux-x86_64-fedora-clang 0.1.1 38.92 NOTE
r-devel-linux-x86_64-fedora-gcc 0.1.1 28.34 NOTE
r-devel-windows-x86_64 0.1.1 4.00 44.00 48.00 NOTE
r-devel-windows-x86_64-gcc10-UCRT 0.1.1 NOTE
r-patched-linux-x86_64 0.1.1 2.10 21.96 24.06 NOTE
r-patched-solaris-x86 0.1.1 46.20 NOTE
r-release-linux-x86_64 0.1.1 1.74 21.66 23.40 NOTE
r-release-macos-arm64 0.1.1 NOTE
r-release-macos-x86_64 0.1.1 NOTE
r-release-windows-ix86+x86_64 0.1.1 5.00 36.00 41.00 NOTE
r-oldrel-macos-x86_64 0.1.1 OK
r-oldrel-windows-ix86+x86_64 0.1.1 5.00 121.00 126.00 OK

Check Details

Version: 0.1.1
Check: LazyData
Result: NOTE
     'LazyData' is specified without a 'data' directory
Flavors: r-devel-linux-x86_64-debian-clang, r-devel-linux-x86_64-debian-gcc, r-devel-linux-x86_64-fedora-clang, r-devel-linux-x86_64-fedora-gcc, r-devel-windows-x86_64, r-devel-windows-x86_64-gcc10-UCRT, r-patched-linux-x86_64, r-patched-solaris-x86, r-release-linux-x86_64, r-release-macos-arm64, r-release-macos-x86_64, r-release-windows-ix86+x86_64