CRAN Package Check Results for Package archdata

Last updated on 2020-09-25 05:46:46 CEST.

Flavor Version Tinstall Tcheck Ttotal Status Flags
r-devel-linux-x86_64-debian-clang 1.2 1.81 39.41 41.22 OK
r-devel-linux-x86_64-debian-gcc 1.2 1.50 30.11 31.61 OK
r-devel-linux-x86_64-fedora-clang 1.2 56.23 NOTE
r-devel-linux-x86_64-fedora-gcc 1.2 47.40 NOTE
r-devel-windows-ix86+x86_64 1.2 5.00 68.00 73.00 OK
r-patched-linux-x86_64 1.2 1.90 37.41 39.31 OK
r-patched-solaris-x86 1.2 76.90 NOTE
r-release-linux-x86_64 1.2 1.74 38.14 39.88 OK
r-release-macos-x86_64 1.2 NOTE
r-release-windows-ix86+x86_64 1.2 4.00 71.00 75.00 OK
r-oldrel-macos-x86_64 1.2 NOTE
r-oldrel-windows-ix86+x86_64 1.2 4.00 65.00 69.00 OK

Check Details

Version: 1.2
Check: data for non-ASCII characters
Result: NOTE
     Note: found 76 marked Latin-1 strings
Flavors: r-devel-linux-x86_64-fedora-clang, r-devel-linux-x86_64-fedora-gcc, r-patched-solaris-x86, r-release-macos-x86_64, r-oldrel-macos-x86_64