CRAN Package Check Results for Package archdata

Last updated on 2020-02-20 10:48:46 CET.

Flavor Version Tinstall Tcheck Ttotal Status Flags
r-devel-linux-x86_64-debian-clang 1.2 1.68 37.35 39.03 OK
r-devel-linux-x86_64-debian-gcc 1.2 1.42 29.52 30.94 OK
r-devel-linux-x86_64-fedora-clang 1.2 46.98 NOTE
r-devel-linux-x86_64-fedora-gcc 1.2 46.47 NOTE
r-devel-windows-ix86+x86_64 1.2 5.00 58.00 63.00 OK
r-devel-windows-ix86+x86_64-gcc8 1.2 11.00 76.00 87.00 OK
r-patched-linux-x86_64 1.2 1.44 34.43 35.87 OK
r-patched-solaris-x86 1.2 73.20 NOTE
r-release-linux-x86_64 1.2 1.32 34.01 35.33 OK
r-release-windows-ix86+x86_64 1.2 4.00 63.00 67.00 OK
r-release-osx-x86_64 1.2 NOTE
r-oldrel-windows-ix86+x86_64 1.2 3.00 39.00 42.00 OK
r-oldrel-osx-x86_64 1.2 NOTE

Check Details

Version: 1.2
Check: data for non-ASCII characters
Result: NOTE
     Note: found 76 marked Latin-1 strings
Flavors: r-devel-linux-x86_64-fedora-clang, r-devel-linux-x86_64-fedora-gcc, r-patched-solaris-x86, r-release-osx-x86_64, r-oldrel-osx-x86_64