CRAN Package Check Results for Package archivist.github

Last updated on 2021-05-09 09:46:54 CEST.

Flavor Version Tinstall Tcheck Ttotal Status Flags
r-devel-linux-x86_64-debian-clang 0.2.6 6.19 53.25 59.44 NOTE
r-devel-linux-x86_64-debian-gcc 0.2.6 4.92 41.27 46.19 NOTE
r-devel-linux-x86_64-fedora-clang 0.2.6 80.05 NOTE
r-devel-linux-x86_64-fedora-gcc 0.2.6 70.68 NOTE
r-devel-windows-ix86+x86_64 0.2.6 12.00 75.00 87.00 NOTE
r-devel-windows-x86_64-gcc10-UCRT 0.2.6 NOTE
r-patched-linux-x86_64 0.2.6 9.68 51.69 61.37 NOTE
r-patched-solaris-x86 0.2.6 107.70 OK
r-release-linux-x86_64 0.2.6 6.07 50.18 56.25 OK
r-release-macos-x86_64 0.2.6 OK
r-release-windows-ix86+x86_64 0.2.6 14.00 54.00 68.00 OK
r-oldrel-macos-x86_64 0.2.6 OK
r-oldrel-windows-ix86+x86_64 0.2.6 13.00 15.00 28.00 ERROR

Check Details

Version: 0.2.6
Check: LazyData
Result: NOTE
     'LazyData' is specified without a 'data' directory
Flavors: r-devel-linux-x86_64-debian-clang, r-devel-linux-x86_64-debian-gcc, r-devel-linux-x86_64-fedora-clang, r-devel-linux-x86_64-fedora-gcc, r-devel-windows-ix86+x86_64, r-devel-windows-x86_64-gcc10-UCRT, r-patched-linux-x86_64

Version: 0.2.6
Check: whether package can be installed
Result: ERROR
    Installation failed.
    See *
Flavor: r-oldrel-windows-ix86+x86_64