CRAN Package Check Results for Package archivist

Last updated on 2020-08-03 13:48:49 CEST.

Flavor Version Tinstall Tcheck Ttotal Status Flags
r-devel-linux-x86_64-debian-clang 2.3.4 8.52 71.21 79.73 OK
r-devel-linux-x86_64-debian-gcc 2.3.4 6.61 54.22 60.83 OK
r-devel-linux-x86_64-fedora-clang 2.3.4 102.38 NOTE
r-devel-linux-x86_64-fedora-gcc 2.3.4 94.09 OK
r-devel-windows-ix86+x86_64 2.3.4 29.00 87.00 116.00 OK
r-patched-linux-x86_64 2.3.4 9.35 70.25 79.60 OK
r-patched-solaris-x86 2.3.4 138.30 OK
r-release-linux-x86_64 2.3.4 9.21 71.00 80.21 OK
r-release-macos-x86_64 2.3.4 OK
r-release-windows-ix86+x86_64 2.3.4 26.00 110.00 136.00 OK
r-oldrel-macos-x86_64 2.3.4 OK
r-oldrel-windows-ix86+x86_64 2.3.4 13.00 79.00 92.00 OK

Check Details

Version: 2.3.4
Check: Rd cross-references
Result: NOTE
    Undeclared package ‘rmarkdown’ in Rd xrefs
Flavor: r-devel-linux-x86_64-fedora-clang