CRAN Package Check Results for Package arfima

Last updated on 2024-04-12 18:57:07 CEST.

Flavor Version Tinstall Tcheck Ttotal Status Flags
r-devel-linux-x86_64-debian-clang 1.8-1 12.49 82.73 95.22 OK
r-devel-linux-x86_64-debian-gcc 1.8-1 10.70 60.28 70.98 OK
r-devel-linux-x86_64-fedora-clang 1.8-1 118.01 OK
r-devel-linux-x86_64-fedora-gcc 1.8-1 116.24 OK
r-devel-windows-x86_64 1.8-1 15.00 98.00 113.00 ERROR
r-patched-linux-x86_64 1.8-1 15.13 82.56 97.69 OK
r-release-linux-x86_64 1.8-1 14.57 79.58 94.15 OK
r-release-macos-arm64 1.8-1 47.00 OK
r-release-macos-x86_64 1.8-1 73.00 OK
r-release-windows-x86_64 1.8-1 18.00 112.00 130.00 OK
r-oldrel-macos-arm64 1.8-1 45.00 OK
r-oldrel-windows-x86_64 1.8-1 38.00 121.00 159.00 OK

Check Details

Version: 1.8-1
Check: examples
Result: ERROR Running examples in 'arfima-Ex.R' failed The error most likely occurred in: > ### Name: tacfplot > ### Title: Plots the theoretical autocorralation functions (tacfs) of one > ### or more fits. > ### Aliases: tacfplot > ### Keywords: ts > > ### ** Examples > > > set.seed(34577) > sim <- arfima.sim(500, model = list(theta = 0.9, phi = 0.5, dfrac = 0.4)) > fit1 <- arfima(sim, order = c(1, 0, 1), cpus = 2, back=TRUE) Note: autoweed is ON. It is possible, but not likely, that unique modes may be lost. Beginning the fits with 8 starting values. > fit2 <- arfima(sim, order = c(1, 0, 1), cpus = 2, lmodel = "g", back=TRUE) Note: autoweed is ON. It is possible, but not likely, that unique modes may be lost. Beginning the fits with 8 starting values. > fit3 <- arfima(sim, order = c(1, 0, 1), cpus = 2, lmodel = "h", back=TRUE) Note: autoweed is ON. It is possible, but not likely, that unique modes may be lost. Beginning the fits with 8 starting values. Error in serverSocket(port = port) : creation of server socket failed: port 11881 cannot be opened Calls: arfima -> makePSOCKcluster -> serverSocket Execution halted Flavor: r-devel-windows-x86_64