CRAN Package Check Results for Package argoFloats

Last updated on 2021-10-22 12:59:06 CEST.

Flavor Version Tinstall Tcheck Ttotal Status Flags
r-devel-linux-x86_64-debian-clang 1.0.3 66.84 144.55 211.39 OK
r-devel-linux-x86_64-debian-gcc 1.0.3 52.17 110.61 162.78 OK
r-devel-linux-x86_64-fedora-clang 1.0.3 297.49 OK
r-devel-linux-x86_64-fedora-gcc 1.0.3 278.85 OK
r-devel-windows-x86_64 1.0.3 74.00 187.00 261.00 OK
r-devel-windows-x86_64-gcc10-UCRT 1.0.3 NOTE
r-patched-linux-x86_64 1.0.3 66.83 138.64 205.47 OK
r-patched-solaris-x86 1.0.3 354.70 OK
r-release-linux-x86_64 1.0.3 57.99 139.35 197.34 OK
r-release-macos-arm64 1.0.2 OK
r-release-macos-x86_64 1.0.3 OK
r-release-windows-ix86+x86_64 1.0.2 108.00 182.00 290.00 OK
r-oldrel-macos-x86_64 1.0.3 OK
r-oldrel-windows-ix86+x86_64 1.0.2 122.00 183.00 305.00 OK

Check Details

Version: 1.0.3
Check: package dependencies
Result: NOTE
    Package suggested but not available for checking: 'marmap'
Flavor: r-devel-windows-x86_64-gcc10-UCRT