CRAN Package Check Results for Package argonDash

Last updated on 2024-05-26 23:47:55 CEST.

Flavor Version Tinstall Tcheck Ttotal Status Flags
r-devel-linux-x86_64-debian-clang 0.2.0 4.33 26.00 30.33 NOTE
r-devel-linux-x86_64-debian-gcc 0.2.0 2.46 20.60 23.06 NOTE
r-devel-linux-x86_64-fedora-clang 0.2.0 40.12 NOTE
r-devel-linux-x86_64-fedora-gcc 0.2.0 35.58 NOTE
r-devel-windows-x86_64 0.2.0 5.00 51.00 56.00 NOTE
r-patched-linux-x86_64 0.2.0 9.43 25.17 34.60 NOTE
r-release-linux-x86_64 0.2.0 4.23 25.34 29.57 NOTE
r-release-macos-arm64 0.2.0 16.00 NOTE
r-release-windows-x86_64 0.2.0 5.00 50.00 55.00 NOTE
r-oldrel-macos-arm64 0.2.0 19.00 NOTE
r-oldrel-macos-x86_64 0.2.0 24.00 NOTE
r-oldrel-windows-x86_64 0.2.0 6.00 49.00 55.00 NOTE

Check Details

Version: 0.2.0
Check: LazyData
Result: NOTE 'LazyData' is specified without a 'data' directory Flavors: r-devel-linux-x86_64-debian-clang, r-devel-linux-x86_64-debian-gcc, r-devel-linux-x86_64-fedora-clang, r-devel-linux-x86_64-fedora-gcc, r-devel-windows-x86_64, r-patched-linux-x86_64, r-release-linux-x86_64, r-release-macos-arm64, r-release-windows-x86_64, r-oldrel-macos-arm64, r-oldrel-macos-x86_64, r-oldrel-windows-x86_64