CRAN Package Check Results for Package argonR

Last updated on 2021-10-26 10:04:19 CEST.

Flavor Version Tinstall Tcheck Ttotal Status Flags
r-devel-linux-x86_64-debian-clang 0.2.0 4.17 29.07 33.24 NOTE
r-devel-linux-x86_64-debian-gcc 0.2.0 2.86 22.81 25.67 NOTE
r-devel-linux-x86_64-fedora-clang 0.2.0 50.93 NOTE
r-devel-linux-x86_64-fedora-gcc 0.2.0 40.34 NOTE
r-devel-windows-x86_64 0.2.0 8.00 48.00 56.00 NOTE
r-devel-windows-x86_64-gcc10-UCRT 0.2.0 NOTE
r-patched-linux-x86_64 0.2.0 4.51 28.27 32.78 NOTE
r-patched-solaris-x86 0.2.0 60.20 NOTE
r-release-linux-x86_64 0.2.0 3.57 28.27 31.84 NOTE
r-release-macos-arm64 0.2.0 NOTE
r-release-macos-x86_64 0.2.0 NOTE
r-release-windows-ix86+x86_64 0.2.0 7.00 47.00 54.00 NOTE
r-oldrel-macos-x86_64 0.2.0 OK
r-oldrel-windows-ix86+x86_64 0.2.0 10.00 49.00 59.00 OK

Check Details

Version: 0.2.0
Check: LazyData
Result: NOTE
     'LazyData' is specified without a 'data' directory
Flavors: r-devel-linux-x86_64-debian-clang, r-devel-linux-x86_64-debian-gcc, r-devel-linux-x86_64-fedora-clang, r-devel-linux-x86_64-fedora-gcc, r-devel-windows-x86_64, r-devel-windows-x86_64-gcc10-UCRT, r-patched-linux-x86_64, r-patched-solaris-x86, r-release-linux-x86_64, r-release-macos-arm64, r-release-macos-x86_64, r-release-windows-ix86+x86_64