CRAN Package Check Results for Package ari

Last updated on 2023-09-26 07:09:52 CEST.

Flavor Version Tinstall Tcheck Ttotal Status Flags
r-devel-linux-x86_64-debian-clang 0.3.5 8.42 72.72 81.14 NOTE
r-devel-linux-x86_64-debian-gcc 0.3.5 6.25 52.52 58.77 NOTE
r-devel-linux-x86_64-fedora-clang 0.3.5 96.90 NOTE
r-devel-linux-x86_64-fedora-gcc 0.3.5 110.49 NOTE
r-devel-windows-x86_64 0.3.5 9.00 71.00 80.00 NOTE
r-patched-linux-x86_64 0.3.5 6.71 68.27 74.98 NOTE
r-release-linux-x86_64 0.3.5 5.01 67.74 72.75 NOTE
r-release-macos-arm64 0.3.5 33.00 NOTE
r-release-macos-x86_64 0.3.5 49.00 NOTE
r-release-windows-x86_64 0.3.5 10.00 82.00 92.00 NOTE
r-oldrel-macos-arm64 0.3.5 28.00 NOTE
r-oldrel-macos-x86_64 0.3.5 43.00 NOTE
r-oldrel-windows-x86_64 0.3.5 12.00 83.00 95.00 NOTE

Check Details

Version: 0.3.5
Check: LazyData
Result: NOTE
     'LazyData' is specified without a 'data' directory
Flavors: r-devel-linux-x86_64-debian-clang, r-devel-linux-x86_64-debian-gcc, r-devel-linux-x86_64-fedora-clang, r-devel-linux-x86_64-fedora-gcc, r-devel-windows-x86_64, r-patched-linux-x86_64, r-release-linux-x86_64, r-release-macos-arm64, r-release-macos-x86_64, r-release-windows-x86_64, r-oldrel-macos-arm64, r-oldrel-macos-x86_64, r-oldrel-windows-x86_64