Last updated on 2021-04-10 13:50:33 CEST.
Flavor | Version | Tinstall | Tcheck | Ttotal | Status | Flags |
---|---|---|---|---|---|---|
r-devel-linux-x86_64-debian-clang | 0.2.2 | 7.05 | 42.53 | 49.58 | NOTE | |
r-devel-linux-x86_64-debian-gcc | 0.2.2 | 5.67 | 32.97 | 38.64 | NOTE | |
r-devel-linux-x86_64-fedora-clang | 0.3.0 | 49.66 | OK | |||
r-devel-linux-x86_64-fedora-gcc | 0.3.0 | 37.19 | OK | |||
r-devel-windows-ix86+x86_64 | 0.2.2 | 14.00 | 47.00 | 61.00 | NOTE | |
r-devel-windows-x86_64-gcc10-UCRT | 0.2.2 | NOTE | ||||
r-patched-linux-x86_64 | 0.2.2 | 8.85 | 41.34 | 50.19 | OK | |
r-patched-solaris-x86 | 0.3.0 | 78.40 | OK | |||
r-release-linux-x86_64 | 0.2.2 | 8.58 | 41.75 | 50.33 | OK | |
r-release-macos-x86_64 | 0.2.2 | OK | ||||
r-release-windows-ix86+x86_64 | 0.2.2 | 12.00 | 62.00 | 74.00 | OK | |
r-oldrel-macos-x86_64 | 0.2.2 | OK | ||||
r-oldrel-windows-ix86+x86_64 | 0.2.2 | 12.00 | 61.00 | 73.00 | OK |
Version: 0.2.2
Check: LazyData
Result: NOTE
'LazyData' is specified without a 'data' directory
Flavors: r-devel-linux-x86_64-debian-clang, r-devel-linux-x86_64-debian-gcc, r-devel-windows-ix86+x86_64, r-devel-windows-x86_64-gcc10-UCRT