CRAN Package Check Results for Package arkhe

Last updated on 2021-06-23 04:50:40 CEST.

Flavor Version Tinstall Tcheck Ttotal Status Flags
r-devel-linux-x86_64-debian-clang 0.3.1 6.12 46.34 52.46 OK
r-devel-linux-x86_64-debian-gcc 0.3.1 5.15 34.91 40.06 OK
r-devel-linux-x86_64-fedora-clang 0.3.1 74.27 OK
r-devel-linux-x86_64-fedora-gcc 0.3.1 63.71 OK
r-devel-windows-x86_64 0.3.1 13.00 61.00 74.00 OK
r-devel-windows-x86_64-gcc10-UCRT 0.3.1 NOTE
r-patched-linux-x86_64 0.3.1 6.75 44.30 51.05 OK
r-patched-solaris-x86 0.3.1 95.10 OK
r-release-linux-x86_64 0.3.1 7.50 44.40 51.90 OK
r-release-macos-arm64 0.3.1 OK
r-release-macos-x86_64 0.3.1 OK
r-release-windows-ix86+x86_64 0.3.1 16.00 49.00 65.00 OK
r-oldrel-macos-x86_64 0.3.1 OK

Check Details

Version: 0.3.1
Check: package dependencies
Result: NOTE
    Package suggested but not available for checking: 'covr'
Flavor: r-devel-windows-x86_64-gcc10-UCRT