CRAN Package Check Results for Package armspp

Last updated on 2024-07-19 15:57:12 CEST.

Flavor Version Tinstall Tcheck Ttotal Status Flags
r-devel-linux-x86_64-debian-clang 0.0.2 41.20 38.29 79.49 NOTE
r-devel-linux-x86_64-debian-gcc 0.0.2 17.35 28.46 45.81 NOTE
r-devel-linux-x86_64-fedora-clang 0.0.2 116.40 NOTE
r-devel-linux-x86_64-fedora-gcc 0.0.2 122.74 NOTE
r-devel-windows-x86_64 0.0.2 22.00 70.00 92.00 NOTE
r-patched-linux-x86_64 0.0.2 36.46 35.74 72.20 NOTE
r-release-linux-x86_64 0.0.2 32.74 35.79 68.53 NOTE
r-release-macos-arm64 0.0.2 33.00 NOTE
r-release-macos-x86_64 0.0.2 59.00 NOTE
r-release-windows-x86_64 0.0.2 30.00 65.00 95.00 NOTE
r-oldrel-macos-arm64 0.0.2 37.00 NOTE
r-oldrel-macos-x86_64 0.0.2 59.00 NOTE
r-oldrel-windows-x86_64 0.0.2 31.00 76.00 107.00 NOTE

Check Details

Version: 0.0.2
Check: C++ specification
Result: NOTE Specified C++11: please drop specification unless essential Flavors: r-devel-linux-x86_64-debian-clang, r-devel-linux-x86_64-debian-gcc, r-devel-linux-x86_64-fedora-clang, r-devel-linux-x86_64-fedora-gcc, r-devel-windows-x86_64, r-patched-linux-x86_64, r-release-linux-x86_64, r-release-macos-arm64, r-release-macos-x86_64, r-release-windows-x86_64, r-oldrel-macos-arm64, r-oldrel-macos-x86_64, r-oldrel-windows-x86_64

Version: 0.0.2
Check: LazyData
Result: NOTE 'LazyData' is specified without a 'data' directory Flavors: r-devel-linux-x86_64-debian-clang, r-devel-linux-x86_64-debian-gcc, r-devel-linux-x86_64-fedora-clang, r-devel-linux-x86_64-fedora-gcc, r-devel-windows-x86_64, r-patched-linux-x86_64, r-release-linux-x86_64, r-release-macos-arm64, r-release-macos-x86_64, r-release-windows-x86_64, r-oldrel-macos-arm64, r-oldrel-macos-x86_64, r-oldrel-windows-x86_64