CRAN Package Check Results for Package arnie

Last updated on 2023-03-25 20:49:42 CET.

Flavor Version Tinstall Tcheck Ttotal Status Flags
r-devel-linux-x86_64-debian-clang 0.1.2 1.81 19.61 21.42 NOTE
r-devel-linux-x86_64-debian-gcc 0.1.2 1.47 15.52 16.99 NOTE
r-devel-linux-x86_64-fedora-gcc 0.1.2 25.91 NOTE
r-devel-windows-x86_64 0.1.2 9.00 51.00 60.00 NOTE
r-patched-linux-x86_64 0.1.2 1.56 20.41 21.97 NOTE
r-release-linux-x86_64 0.1.2 1.49 20.43 21.92 NOTE
r-release-macos-arm64 0.1.2 16.00 NOTE
r-release-macos-x86_64 0.1.2 21.00 NOTE
r-release-windows-x86_64 0.1.2 4.00 42.00 46.00 NOTE
r-oldrel-macos-arm64 0.1.2 19.00 NOTE
r-oldrel-macos-x86_64 0.1.2 26.00 NOTE
r-oldrel-windows-ix86+x86_64 0.1.2 4.00 32.00 36.00 NOTE

Check Details

Version: 0.1.2
Check: DESCRIPTION meta-information
Result: NOTE
    Malformed Description field: should contain one or more complete sentences.
Flavors: r-devel-linux-x86_64-debian-clang, r-devel-linux-x86_64-debian-gcc, r-devel-linux-x86_64-fedora-gcc, r-devel-windows-x86_64, r-patched-linux-x86_64, r-release-linux-x86_64, r-release-macos-arm64, r-release-macos-x86_64, r-release-windows-x86_64, r-oldrel-macos-arm64, r-oldrel-macos-x86_64, r-oldrel-windows-ix86+x86_64