CRAN Package Check Results for Package aroma.apd

Last updated on 2022-10-02 16:51:39 CEST.

Flavor Version Tinstall Tcheck Ttotal Status Flags
r-devel-linux-x86_64-debian-clang 0.6.1 2.55 38.89 41.44 OK
r-devel-linux-x86_64-debian-gcc 0.6.1 2.99 30.48 33.47 OK
r-devel-linux-x86_64-fedora-clang 0.6.1 66.87 OK
r-devel-linux-x86_64-fedora-gcc 0.6.1 64.30 OK
r-devel-windows-x86_64 0.6.1 13.00 158.00 171.00 OK
r-patched-linux-x86_64 0.6.1 4.48 38.97 43.45 OK
r-release-linux-x86_64 0.6.1 3.52 39.16 42.68 OK
r-release-macos-arm64 0.6.1 25.00 NOTE
r-release-macos-x86_64 0.6.1 31.00 OK
r-release-windows-x86_64 0.6.1 21.00 120.00 141.00 OK
r-oldrel-macos-arm64 0.6.1 19.00 OK
r-oldrel-macos-x86_64 0.6.1 28.00 OK
r-oldrel-windows-ix86+x86_64 0.6.1 7.00 65.00 72.00 OK

Check Details

Version: 0.6.1
Check: package dependencies
Result: NOTE
    Package suggested but not available for checking: ‘affxparser’
Flavor: r-release-macos-arm64

Version: 0.6.1
Check: Rd cross-references
Result: NOTE
    Package unavailable to check Rd xrefs: ‘affxparser’
Flavor: r-release-macos-arm64