CRAN Package Check Results for Package aroma.apd

Last updated on 2021-04-12 19:49:11 CEST.

Flavor Version Tinstall Tcheck Ttotal Status Flags
r-devel-linux-x86_64-debian-clang 0.6.0 3.86 35.99 39.85 OK
r-devel-linux-x86_64-debian-gcc 0.6.0 2.97 28.42 31.39 OK
r-devel-linux-x86_64-fedora-clang 0.6.0 57.48 OK
r-devel-linux-x86_64-fedora-gcc 0.6.0 47.12 OK
r-devel-windows-ix86+x86_64 0.6.0 8.00 54.00 62.00 OK
r-devel-windows-x86_64-gcc10-UCRT 0.6.0 NOTE
r-patched-linux-x86_64 0.6.0 3.12 35.16 38.28 OK
r-patched-solaris-x86 0.6.0 80.20 OK
r-release-linux-x86_64 0.6.0 4.00 35.14 39.14 OK
r-release-macos-x86_64 0.6.0 OK
r-release-windows-ix86+x86_64 0.6.0 5.00 60.00 65.00 OK
r-oldrel-macos-x86_64 0.6.0 NOTE
r-oldrel-windows-ix86+x86_64 0.6.0 6.00 44.00 50.00 OK

Check Details

Version: 0.6.0
Check: package dependencies
Result: NOTE
    Package suggested but not available for checking: 'affxparser'
Flavors: r-devel-windows-x86_64-gcc10-UCRT, r-oldrel-macos-x86_64

Version: 0.6.0
Check: Rd cross-references
Result: NOTE
    Package unavailable to check Rd xrefs: 'affxparser'
Flavors: r-devel-windows-x86_64-gcc10-UCRT, r-oldrel-macos-x86_64