CRAN Package Check Results for Package aroma.cn

Last updated on 2022-09-30 01:49:06 CEST.

Flavor Version Tinstall Tcheck Ttotal Status Flags
r-devel-linux-x86_64-debian-clang 1.7.0 11.43 89.91 101.34 OK
r-devel-linux-x86_64-debian-gcc 1.7.0 10.89 67.98 78.87 OK
r-devel-linux-x86_64-fedora-clang 1.7.0 145.46 OK
r-devel-linux-x86_64-fedora-gcc 1.7.0 141.78 OK
r-devel-windows-x86_64 1.7.0 143.00 130.00 273.00 OK
r-patched-linux-x86_64 1.7.0 13.03 87.47 100.50 OK
r-release-linux-x86_64 1.7.0 12.09 87.46 99.55 OK
r-release-macos-arm64 1.7.0 39.00 OK
r-release-macos-x86_64 1.7.0 50.00 OK
r-release-windows-x86_64 1.7.0 221.00 114.00 335.00 OK
r-oldrel-macos-arm64 1.7.0 33.00 NOTE
r-oldrel-macos-x86_64 1.7.0 50.00 OK
r-oldrel-windows-ix86+x86_64 1.7.0 25.00 109.00 134.00 OK

Check Details

Version: 1.7.0
Check: package dependencies
Result: NOTE
    Package suggested but not available for checking: ‘GLAD’
Flavor: r-oldrel-macos-arm64