CRAN Package Check Results for Package aroma.core

Last updated on 2023-09-28 17:59:10 CEST.

Flavor Version Tinstall Tcheck Ttotal Status Flags
r-devel-linux-x86_64-debian-clang 3.3.0 28.96 208.44 237.40 NOTE
r-devel-linux-x86_64-debian-gcc 3.3.0 25.66 153.41 179.07 NOTE
r-devel-linux-x86_64-fedora-clang 3.3.0 292.24 NOTE
r-devel-linux-x86_64-fedora-gcc 3.3.0 303.63 NOTE
r-devel-windows-x86_64 3.3.0 27.00 179.00 206.00 NOTE
r-patched-linux-x86_64 3.3.0 38.46 204.10 242.56 NOTE
r-release-linux-x86_64 3.3.0 28.21 205.91 234.12 NOTE
r-release-macos-arm64 3.3.0 8.00 ERROR
r-release-macos-x86_64 3.3.0 88.00 NOTE
r-release-windows-x86_64 3.3.0 35.00 217.00 252.00 NOTE
r-oldrel-macos-arm64 3.3.0 87.00 NOTE
r-oldrel-macos-x86_64 3.3.0 98.00 NOTE
r-oldrel-windows-x86_64 3.3.0 36.00 201.00 237.00 NOTE

Check Details

Version: 3.3.0
Check: package dependencies
Result: NOTE
    Packages suggested but not available for checking:
     'sfit', 'expectile', 'HaarSeg', 'mpcbs'
Flavors: r-devel-linux-x86_64-debian-clang, r-devel-linux-x86_64-debian-gcc, r-devel-linux-x86_64-fedora-clang, r-devel-linux-x86_64-fedora-gcc, r-devel-windows-x86_64, r-patched-linux-x86_64, r-release-linux-x86_64, r-release-windows-x86_64, r-oldrel-macos-arm64, r-oldrel-macos-x86_64, r-oldrel-windows-x86_64

Version: 3.3.0
Check: Rd \usage sections
Result: NOTE
    Documented arguments not in \usage in documentation object 'fit.CopyNumberSegmentationModel':
     ‘chromosome’
    
    Documented arguments not in \usage in documentation object 'getPath.Explorer':
     ‘create’
    
    Documented arguments not in \usage in documentation object 'process.AromaTransform':
     ‘force’ ‘verbose’
    
    Documented arguments not in \usage in documentation object 'process.ChromosomeExplorer':
     ‘chromosome’
    
    Documented arguments not in \usage in documentation object 'process.Explorer':
     ‘arrays’ ‘verbose’
    
    Documented arguments not in \usage in documentation object 'setArrays.Explorer':
     ‘arrays’
    
    Functions with \usage entries need to have the appropriate \alias
    entries, and all their arguments documented.
    The \usage entries must correspond to syntactically valid R code.
    See chapter ‘Writing R documentation files’ in the ‘Writing R
    Extensions’ manual.
Flavors: r-devel-linux-x86_64-debian-clang, r-devel-linux-x86_64-debian-gcc, r-devel-linux-x86_64-fedora-clang, r-devel-linux-x86_64-fedora-gcc, r-devel-windows-x86_64

Version: 3.3.0
Check: package dependencies
Result: ERROR
    Package required but not available: ‘PSCBS’
    
    Packages suggested but not available for checking:
     'aroma.light', 'GLAD', 'sfit', 'expectile', 'HaarSeg', 'mpcbs'
    
    See section ‘The DESCRIPTION file’ in the ‘Writing R Extensions’
    manual.
Flavor: r-release-macos-arm64

Version: 3.3.0
Check: package dependencies
Result: NOTE
    Packages suggested but not available for checking:
     'GLAD', 'sfit', 'expectile', 'HaarSeg', 'mpcbs'
Flavor: r-release-macos-x86_64

Version: 3.3.0
Check: Rd cross-references
Result: NOTE
    Package unavailable to check Rd xrefs: ‘GLAD’
Flavor: r-release-macos-x86_64