CRAN Package Check Results for Package aroma.core

Last updated on 2024-07-15 21:51:50 CEST.

Flavor Version Tinstall Tcheck Ttotal Status Flags
r-devel-linux-x86_64-debian-clang 3.3.1 28.77 221.00 249.77 NOTE
r-devel-linux-x86_64-debian-gcc 3.3.1 25.14 153.38 178.52 NOTE
r-devel-linux-x86_64-fedora-clang 3.3.1 302.79 NOTE
r-devel-linux-x86_64-fedora-gcc 3.3.1 291.55 NOTE
r-devel-windows-x86_64 3.3.1 31.00 182.00 213.00 NOTE
r-patched-linux-x86_64 3.3.1 45.32 208.11 253.43 NOTE
r-release-linux-x86_64 3.3.1 29.74 201.20 230.94 NOTE
r-release-macos-arm64 3.3.1 72.00 NOTE
r-release-macos-x86_64 3.3.1 119.00 NOTE
r-release-windows-x86_64 3.3.1 28.00 180.00 208.00 NOTE
r-oldrel-macos-arm64 3.3.1 101.00 NOTE
r-oldrel-macos-x86_64 3.3.1 188.00 NOTE
r-oldrel-windows-x86_64 3.3.1 37.00 219.00 256.00 NOTE

Check Details

Version: 3.3.1
Check: package dependencies
Result: NOTE Packages suggested but not available for checking: 'sfit', 'expectile', 'HaarSeg', 'mpcbs' Flavors: r-devel-linux-x86_64-debian-clang, r-devel-linux-x86_64-debian-gcc, r-devel-linux-x86_64-fedora-clang, r-devel-linux-x86_64-fedora-gcc, r-devel-windows-x86_64, r-patched-linux-x86_64, r-release-linux-x86_64, r-release-macos-arm64, r-release-macos-x86_64, r-release-windows-x86_64, r-oldrel-windows-x86_64

Version: 3.3.1
Check: Rd cross-references
Result: NOTE Found the following Rd file(s) with Rd \link{} targets missing package anchors: writeDataFrame.AromaUnitSignalBinaryFile.Rd: TabularTextFile writeDataFrame.AromaUnitSignalBinarySet.Rd: TabularTextFileSet writeDataFrame.AromaUnitTabularBinaryFile.Rd: TabularTextFile Please provide package anchors for all Rd \link{} targets not in the package itself and the base packages. Flavor: r-devel-windows-x86_64

Version: 3.3.1
Check: package dependencies
Result: NOTE Packages suggested but not available for checking: 'GLAD', 'sfit', 'expectile', 'HaarSeg', 'mpcbs' Flavors: r-oldrel-macos-arm64, r-oldrel-macos-x86_64

Version: 3.3.1
Check: Rd cross-references
Result: NOTE Package unavailable to check Rd xrefs: ‘GLAD’ Flavors: r-oldrel-macos-arm64, r-oldrel-macos-x86_64