CRAN Package Check Results for Package arrApply

Last updated on 2018-10-17 09:48:52 CEST.

Flavor Version Tinstall Tcheck Ttotal Status Flags
r-devel-linux-x86_64-debian-clang 2.0.1 28.69 24.50 53.19 WARN
r-devel-linux-x86_64-debian-gcc 2.0.1 24.14 19.90 44.04 OK
r-devel-linux-x86_64-fedora-clang 2.0.1 73.51 NOTE
r-devel-linux-x86_64-fedora-gcc 2.0.1 69.18 NOTE
r-devel-windows-ix86+x86_64 2.0.1 80.00 76.00 156.00 OK
r-patched-linux-x86_64 2.0.1 31.45 21.41 52.86 OK
r-patched-solaris-x86 2.0.1 76.50 OK
r-release-linux-x86_64 2.0.1 30.04 21.72 51.76 OK
r-release-windows-ix86+x86_64 2.0.1 60.00 71.00 131.00 OK
r-release-osx-x86_64 2.0.1 OK
r-oldrel-windows-ix86+x86_64 2.0.1 78.00 68.00 146.00 OK
r-oldrel-osx-x86_64 2.0.1 OK

Check Details

Version: 2.0.1
Check: whether package can be installed
Result: WARN
    Found the following significant warnings:
     arrApply.cpp:189:29: warning: using integer absolute value function 'abs' when argument is of floating point type [-Wabsolute-value]
Flavor: r-devel-linux-x86_64-debian-clang

Version: 2.0.1
Check: compiled code
Result: NOTE
    File ‘arrApply/libs/arrApply.so’:
     Found no calls to: ‘R_registerRoutines’, ‘R_useDynamicSymbols’
    
    It is good practice to register native routines and to disable symbol
    search.
    
    See ‘Writing portable packages’ in the ‘Writing R Extensions’ manual.
Flavors: r-devel-linux-x86_64-fedora-clang, r-devel-linux-x86_64-fedora-gcc