Last updated on 2023-02-05 11:56:26 CET.
Flavor | Version | Tinstall | Tcheck | Ttotal | Status | Flags |
---|---|---|---|---|---|---|
r-devel-linux-x86_64-debian-clang | 2.2 | 38.94 | 28.38 | 67.32 | NOTE | |
r-devel-linux-x86_64-debian-gcc | 2.2 | 31.31 | 22.43 | 53.74 | NOTE | |
r-devel-linux-x86_64-fedora-clang | 2.2 | 96.37 | NOTE | |||
r-devel-linux-x86_64-fedora-gcc | 2.2 | 91.19 | NOTE | |||
r-devel-windows-x86_64 | 2.2 | 36.00 | 76.00 | 112.00 | NOTE | |
r-patched-linux-x86_64 | 2.2 | 31.67 | 28.45 | 60.12 | OK | |
r-release-linux-x86_64 | 2.2 | 33.22 | 29.19 | 62.41 | OK | |
r-release-macos-arm64 | 2.2 | 26.00 | OK | |||
r-release-macos-x86_64 | 2.2 | 37.00 | OK | |||
r-release-windows-x86_64 | 2.2 | 38.00 | 85.00 | 123.00 | OK | |
r-oldrel-macos-arm64 | 2.2 | 29.00 | OK | |||
r-oldrel-macos-x86_64 | 2.2 | 41.00 | OK | |||
r-oldrel-windows-ix86+x86_64 | 2.2 | 94.00 | 81.00 | 175.00 | OK |
Version: 2.2
Check: C++ specification
Result: NOTE
Specified C++11: please update to current default of C++17
Flavors: r-devel-linux-x86_64-debian-clang, r-devel-linux-x86_64-debian-gcc, r-devel-linux-x86_64-fedora-clang, r-devel-linux-x86_64-fedora-gcc, r-devel-windows-x86_64