CRAN Package Check Results for Package arrApply

Last updated on 2018-07-18 15:48:00 CEST.

Flavor Version Tinstall Tcheck Ttotal Status Flags
r-devel-linux-x86_64-debian-clang 2.0.1 26.13 23.45 49.58 WARN
r-devel-linux-x86_64-debian-gcc 2.0.1 22.62 18.98 41.60 NOTE
r-devel-linux-x86_64-fedora-clang 2.0.1 68.34 NOTE
r-devel-linux-x86_64-fedora-gcc 2.0.1 66.88 NOTE
r-devel-windows-ix86+x86_64 2.0.1 77.00 51.00 128.00 OK
r-patched-linux-x86_64 2.0.1 28.31 21.56 49.87 NOTE
r-patched-solaris-x86 2.0.1 78.50 OK
r-release-linux-x86_64 2.0.1 28.21 21.63 49.84 NOTE
r-release-windows-ix86+x86_64 2.0.1 76.00 75.00 151.00 OK
r-release-osx-x86_64 2.0.1 OK
r-oldrel-windows-ix86+x86_64 2.0.1 72.00 58.00 130.00 OK
r-oldrel-osx-x86_64 2.0.1 OK

Check Details

Version: 2.0.1
Check: whether package can be installed
Result: WARN
    Found the following significant warnings:
     arrApply.cpp:189:29: warning: using integer absolute value function 'abs' when argument is of floating point type [-Wabsolute-value]
Flavor: r-devel-linux-x86_64-debian-clang

Version: 2.0.1
Check: compiled code
Result: NOTE
    File ‘arrApply/libs/arrApply.so’:
     Found no calls to: ‘R_registerRoutines’, ‘R_useDynamicSymbols’
    
    It is good practice to register native routines and to disable symbol
    search.
    
    See ‘Writing portable packages’ in the ‘Writing R Extensions’ manual.
Flavors: r-devel-linux-x86_64-debian-clang, r-devel-linux-x86_64-debian-gcc, r-devel-linux-x86_64-fedora-clang, r-devel-linux-x86_64-fedora-gcc, r-patched-linux-x86_64, r-release-linux-x86_64