CRAN Package Check Results for Package arrApply

Last updated on 2017-12-18 07:46:52 CET.

Flavor Version Tinstall Tcheck Ttotal Status Flags
r-devel-linux-x86_64-debian-clang 2.0.1 23.69 19.30 42.99 NOTE
r-devel-linux-x86_64-debian-gcc NOTE
r-devel-linux-x86_64-fedora-clang 2.0.1 64.57 NOTE
r-devel-linux-x86_64-fedora-gcc 2.0.1 63.98 NOTE
r-devel-windows-ix86+x86_64 2.0.1 59.00 49.00 108.00 OK
r-patched-linux-x86_64 2.0.1 27.39 20.39 47.78 NOTE
r-patched-solaris-x86 2.0.1 73.50 OK
r-release-linux-x86_64 2.0.1 26.18 20.23 46.41 NOTE
r-release-windows-ix86+x86_64 2.0.1 53.00 47.00 100.00 OK
r-release-osx-x86_64 2.0.1 OK
r-oldrel-windows-ix86+x86_64 2.0.1 73.00 42.00 115.00 OK
r-oldrel-osx-x86_64 2.0.1 OK

Check Details

Version: 2.0.1
Check: compiled code
Result: NOTE
    File ‘arrApply/libs/arrApply.so’:
     Found no calls to: ‘R_registerRoutines’, ‘R_useDynamicSymbols’
    
    It is good practice to register native routines and to disable symbol
    search.
    
    See ‘Writing portable packages’ in the ‘Writing R Extensions’ manual.
Flavors: r-devel-linux-x86_64-debian-clang, r-devel-linux-x86_64-debian-gcc, r-devel-linux-x86_64-fedora-clang, r-devel-linux-x86_64-fedora-gcc, r-patched-linux-x86_64, r-release-linux-x86_64