CRAN Package Check Results for Package asdreader

Last updated on 2021-12-02 18:50:46 CET.

Flavor Version Tinstall Tcheck Ttotal Status Flags
r-devel-linux-x86_64-debian-clang 0.1-3 2.28 19.77 22.05 NOTE
r-devel-linux-x86_64-debian-gcc 0.1-3 1.76 15.72 17.48 NOTE
r-devel-linux-x86_64-fedora-clang 0.1-3 39.85 NOTE
r-devel-linux-x86_64-fedora-gcc 0.1-3 30.30 NOTE
r-devel-windows-x86_64-new-UL 0.1-3 7.00 50.00 57.00 NOTE
r-devel-windows-x86_64-new-TK 0.1-3 NOTE
r-devel-windows-x86_64-old 0.1-3 4.00 24.00 28.00 NOTE
r-patched-linux-x86_64 0.1-3 2.21 18.90 21.11 NOTE
r-patched-solaris-x86 0.1-3 42.40 NOTE
r-release-linux-x86_64 0.1-3 2.04 19.05 21.09 NOTE
r-release-macos-arm64 0.1-3 NOTE
r-release-macos-x86_64 0.1-3 NOTE
r-release-windows-ix86+x86_64 0.1-3 5.00 32.00 37.00 NOTE
r-oldrel-macos-x86_64 0.1-3 OK
r-oldrel-windows-ix86+x86_64 0.1-3 5.00 30.00 35.00 OK

Check Details

Version: 0.1-3
Check: LazyData
Result: NOTE
     'LazyData' is specified without a 'data' directory
Flavors: r-devel-linux-x86_64-debian-clang, r-devel-linux-x86_64-debian-gcc, r-devel-linux-x86_64-fedora-clang, r-devel-linux-x86_64-fedora-gcc, r-devel-windows-x86_64-new-UL, r-devel-windows-x86_64-new-TK, r-devel-windows-x86_64-old, r-patched-linux-x86_64, r-patched-solaris-x86, r-release-linux-x86_64, r-release-macos-arm64, r-release-macos-x86_64, r-release-windows-ix86+x86_64