CRAN Package Check Results for Package ash

Last updated on 2018-10-20 10:48:33 CEST.

Flavor Version Tinstall Tcheck Ttotal Status Flags
r-devel-linux-x86_64-debian-clang 1.0-15 1.73 16.89 18.62 OK
r-devel-linux-x86_64-debian-gcc 1.0-15 1.34 13.80 15.14 OK
r-devel-linux-x86_64-fedora-clang 1.0-15 22.27 NOTE
r-devel-linux-x86_64-fedora-gcc 1.0-15 21.20 NOTE
r-devel-windows-ix86+x86_64 1.0-15 10.00 42.00 52.00 OK
r-patched-linux-x86_64 1.0-15 1.39 15.19 16.58 OK
r-patched-solaris-x86 1.0-15 34.00 OK
r-release-linux-x86_64 1.0-15 1.11 15.41 16.52 OK
r-release-windows-ix86+x86_64 1.0-15 10.00 32.00 42.00 OK
r-release-osx-x86_64 1.0-15 OK
r-oldrel-windows-ix86+x86_64 1.0-15 6.00 26.00 32.00 OK
r-oldrel-osx-x86_64 1.0-15 OK

Check Details

Version: 1.0-15
Check: compiled code
Result: NOTE
    File ‘ash/libs/ash.so’:
     Found no calls to: ‘R_registerRoutines’, ‘R_useDynamicSymbols’
    
    It is good practice to register native routines and to disable symbol
    search.
    
    See ‘Writing portable packages’ in the ‘Writing R Extensions’ manual.
Flavors: r-devel-linux-x86_64-fedora-clang, r-devel-linux-x86_64-fedora-gcc