CRAN Package Check Results for Package ash

Last updated on 2019-01-17 22:49:55 CET.

Flavor Version Tinstall Tcheck Ttotal Status Flags
r-devel-linux-x86_64-debian-clang 1.0-15 1.64 16.58 18.22 OK
r-devel-linux-x86_64-debian-gcc 1.0-15 1.26 13.28 14.54 OK
r-devel-linux-x86_64-fedora-clang 1.0-15 21.98 NOTE
r-devel-linux-x86_64-fedora-gcc 1.0-15 20.68 NOTE
r-devel-windows-ix86+x86_64 1.0-15 7.00 30.00 37.00 OK
r-patched-linux-x86_64 1.0-15 1.54 15.42 16.96 OK
r-patched-solaris-x86 1.0-15 33.90 OK
r-release-linux-x86_64 1.0-15 1.32 15.01 16.33 OK
r-release-windows-ix86+x86_64 1.0-15 6.00 30.00 36.00 OK
r-release-osx-x86_64 1.0-15 OK
r-oldrel-windows-ix86+x86_64 1.0-15 6.00 25.00 31.00 OK
r-oldrel-osx-x86_64 1.0-15 OK

Check Details

Version: 1.0-15
Check: compiled code
Result: NOTE
    File ‘ash/libs/ash.so’:
     Found no calls to: ‘R_registerRoutines’, ‘R_useDynamicSymbols’
    
    It is good practice to register native routines and to disable symbol
    search.
    
    See ‘Writing portable packages’ in the ‘Writing R Extensions’ manual.
Flavors: r-devel-linux-x86_64-fedora-clang, r-devel-linux-x86_64-fedora-gcc