CRAN Package Check Results for Package asht

Last updated on 2021-04-10 15:47:35 CEST.

Flavor Version Tinstall Tcheck Ttotal Status Flags
r-devel-linux-x86_64-debian-clang 0.9.6 12.28 108.49 120.77 OK
r-devel-linux-x86_64-debian-gcc 0.9.6 9.71 79.57 89.28 OK
r-devel-linux-x86_64-fedora-clang 0.9.6 147.55 OK
r-devel-linux-x86_64-fedora-gcc 0.9.6 137.40 OK
r-devel-windows-ix86+x86_64 0.9.6 23.00 101.00 124.00 OK
r-devel-windows-x86_64-gcc10-UCRT 0.9.6 OK
r-patched-linux-x86_64 0.9.6 10.76 97.22 107.98 OK
r-patched-solaris-x86 0.9.6 203.30 OK
r-release-linux-x86_64 0.9.6 12.63 96.69 109.32 OK
r-release-macos-x86_64 0.9.6 OK
r-release-windows-ix86+x86_64 0.9.6 29.00 132.00 161.00 OK
r-oldrel-macos-x86_64 0.9.6 ERROR
r-oldrel-windows-ix86+x86_64 0.9.6 25.00 101.00 126.00 ERROR

Check Details

Version: 0.9.6
Check: R code for possible problems
Result: NOTE
    signTest: no visible global function definition for ‘deparse1’
    Undefined global functions or variables:
     deparse1
Flavors: r-oldrel-macos-x86_64, r-oldrel-windows-ix86+x86_64

Version: 0.9.6
Check: examples
Result: ERROR
    Running examples in ‘asht-Ex.R’ failed
    The error most likely occurred in:
    
    > ### Name: signTest
    > ### Title: Exact Sign Test with Confidence Intervals
    > ### Aliases: signTest
    > ### Keywords: htest
    >
    > ### ** Examples
    >
    > x<-c(rep(-1,10),rep(0,60),rep(1,30))
    > signTest(x, stat='cd')
    Error in deparse1(substitute(x)) : could not find function "deparse1"
    Calls: signTest
    Execution halted
Flavors: r-oldrel-macos-x86_64, r-oldrel-windows-ix86+x86_64