CRAN Package Check Results for Package asremlPlus

Last updated on 2018-01-19 03:47:31 CET.

Flavor Version Tinstall Tcheck Ttotal Status Flags
r-devel-linux-x86_64-debian-clang 2.0-12 2.91 46.88 49.79 NOTE
r-devel-linux-x86_64-debian-gcc 2.0-12 1.90 40.51 42.41 NOTE
r-devel-linux-x86_64-fedora-clang 2.0-12 64.48 NOTE
r-devel-linux-x86_64-fedora-gcc 2.0-12 64.00 NOTE
r-devel-windows-ix86+x86_64 2.0-12 7.00 59.00 66.00 NOTE
r-patched-linux-x86_64 2.0-12 2.04 52.89 54.93 NOTE
r-patched-solaris-x86 2.0-12 84.30 NOTE
r-release-linux-x86_64 2.0-12 2.57 52.84 55.41 NOTE
r-release-windows-ix86+x86_64 2.0-12 6.00 61.00 67.00 NOTE
r-release-osx-x86_64 2.0-12 NOTE
r-oldrel-windows-ix86+x86_64 2.0-12 12.00 82.00 94.00 NOTE
r-oldrel-osx-x86_64 2.0-12 NOTE

Check Details

Version: 2.0-12
Check: package dependencies
Result: NOTE
    Package which this enhances but not available for checking: ‘asreml’
Flavors: r-devel-linux-x86_64-debian-clang, r-devel-linux-x86_64-debian-gcc, r-devel-linux-x86_64-fedora-clang, r-devel-linux-x86_64-fedora-gcc, r-devel-windows-ix86+x86_64, r-patched-linux-x86_64, r-patched-solaris-x86, r-release-linux-x86_64, r-release-windows-ix86+x86_64, r-release-osx-x86_64, r-oldrel-windows-ix86+x86_64, r-oldrel-osx-x86_64