CRAN Package Check Results for Package asremlPlus

Last updated on 2018-09-21 13:55:38 CEST.

Flavor Version Tinstall Tcheck Ttotal Status Flags
r-devel-linux-x86_64-debian-clang 2.0-12 7.15 62.58 69.73 NOTE
r-devel-linux-x86_64-debian-gcc 2.0-12 4.91 47.89 52.80 NOTE
r-devel-linux-x86_64-fedora-clang 2.0-12 80.29 NOTE
r-devel-linux-x86_64-fedora-gcc 2.0-12 76.56 NOTE
r-devel-windows-ix86+x86_64 2.0-12 16.00 129.00 145.00 NOTE
r-patched-linux-x86_64 2.0-12 6.31 54.75 61.06 NOTE
r-patched-solaris-x86 2.0-12 95.10 NOTE
r-release-linux-x86_64 2.0-12 5.97 54.89 60.86 NOTE
r-release-windows-ix86+x86_64 2.0-12 15.00 94.00 109.00 NOTE
r-release-osx-x86_64 2.0-12 NOTE
r-oldrel-windows-ix86+x86_64 2.0-12 7.00 98.00 105.00 NOTE
r-oldrel-osx-x86_64 2.0-12 NOTE

Check Details

Version: 2.0-12
Check: package dependencies
Result: NOTE
    Package which this enhances but not available for checking: ‘asreml’
Flavors: r-devel-linux-x86_64-debian-clang, r-devel-linux-x86_64-debian-gcc, r-devel-linux-x86_64-fedora-clang, r-devel-linux-x86_64-fedora-gcc, r-devel-windows-ix86+x86_64, r-patched-linux-x86_64, r-patched-solaris-x86, r-release-linux-x86_64, r-release-windows-ix86+x86_64, r-release-osx-x86_64, r-oldrel-windows-ix86+x86_64, r-oldrel-osx-x86_64