CRAN Package Check Results for Package asremlPlus

Last updated on 2018-12-14 11:47:17 CET.

Flavor Version Tinstall Tcheck Ttotal Status Flags
r-devel-linux-x86_64-debian-clang 2.0-12 4.95 57.77 62.72 NOTE
r-devel-linux-x86_64-debian-gcc 2.0-12 4.86 45.34 50.20 NOTE
r-devel-linux-x86_64-fedora-clang 2.0-12 74.71 NOTE
r-devel-linux-x86_64-fedora-gcc 2.0-12 72.52 NOTE
r-devel-windows-ix86+x86_64 2.0-12 11.00 100.00 111.00 NOTE
r-patched-linux-x86_64 2.0-12 4.61 54.85 59.46 NOTE
r-patched-solaris-x86 2.0-12 99.70 NOTE
r-release-linux-x86_64 2.0-12 6.28 54.81 61.09 NOTE
r-release-windows-ix86+x86_64 2.0-12 16.00 101.00 117.00 NOTE
r-release-osx-x86_64 2.0-12 NOTE
r-oldrel-windows-ix86+x86_64 2.0-12 8.00 102.00 110.00 NOTE
r-oldrel-osx-x86_64 2.0-12 NOTE

Check Details

Version: 2.0-12
Check: package dependencies
Result: NOTE
    Package which this enhances but not available for checking: ‘asreml’
Flavors: r-devel-linux-x86_64-debian-clang, r-devel-linux-x86_64-debian-gcc, r-devel-linux-x86_64-fedora-clang, r-devel-linux-x86_64-fedora-gcc, r-devel-windows-ix86+x86_64, r-patched-linux-x86_64, r-patched-solaris-x86, r-release-linux-x86_64, r-release-windows-ix86+x86_64, r-release-osx-x86_64, r-oldrel-windows-ix86+x86_64, r-oldrel-osx-x86_64