CRAN Package Check Results for Package assert

Last updated on 2023-02-06 09:55:37 CET.

Flavor Version Tinstall Tcheck Ttotal Status Flags
r-devel-linux-x86_64-debian-clang 1.0.1 1.82 20.69 22.51 NOTE
r-devel-linux-x86_64-debian-gcc 1.0.1 1.54 16.07 17.61 NOTE
r-devel-linux-x86_64-fedora-clang 1.0.1 29.39 NOTE
r-devel-linux-x86_64-fedora-gcc 1.0.1 28.35 NOTE
r-devel-windows-x86_64 1.0.1 8.00 52.00 60.00 NOTE
r-patched-linux-x86_64 1.0.1 1.62 21.26 22.88 NOTE
r-release-linux-x86_64 1.0.1 1.33 21.50 22.83 NOTE
r-release-macos-arm64 1.0.1 14.00 NOTE
r-release-macos-x86_64 1.0.1 20.00 NOTE
r-release-windows-x86_64 1.0.1 5.00 47.00 52.00 NOTE
r-oldrel-macos-arm64 1.0.1 20.00 NOTE
r-oldrel-macos-x86_64 1.0.1 24.00 NOTE
r-oldrel-windows-ix86+x86_64 1.0.1 5.00 33.00 38.00 NOTE

Check Details

Version: 1.0.1
Check: LazyData
Result: NOTE
     'LazyData' is specified without a 'data' directory
Flavors: r-devel-linux-x86_64-debian-clang, r-devel-linux-x86_64-debian-gcc, r-devel-linux-x86_64-fedora-clang, r-devel-linux-x86_64-fedora-gcc, r-devel-windows-x86_64, r-patched-linux-x86_64, r-release-linux-x86_64, r-release-macos-arm64, r-release-macos-x86_64, r-release-windows-x86_64, r-oldrel-macos-arm64, r-oldrel-macos-x86_64, r-oldrel-windows-ix86+x86_64