CRAN Package Check Results for Package assertions

Last updated on 2024-04-25 02:54:02 CEST.

Flavor Version Tinstall Tcheck Ttotal Status Flags
r-devel-linux-x86_64-debian-clang 0.1.0 4.70 72.67 77.37 NOTE
r-devel-linux-x86_64-debian-gcc 0.1.0 4.89 51.39 56.28 NOTE
r-devel-linux-x86_64-fedora-clang 0.1.0 96.32 NOTE
r-devel-linux-x86_64-fedora-gcc 0.1.0 105.60 NOTE
r-devel-windows-x86_64 0.1.0 8.00 83.00 91.00 NOTE
r-patched-linux-x86_64 0.1.0 7.30 66.31 73.61 NOTE
r-release-linux-x86_64 0.1.0 5.46 66.52 71.98 OK
r-release-macos-arm64 0.1.0 31.00 NOTE
r-release-windows-x86_64 0.1.0 6.00 84.00 90.00 NOTE
r-oldrel-macos-arm64 0.1.0 51.00 OK
r-oldrel-macos-x86_64 0.1.0 95.00 OK
r-oldrel-windows-x86_64 0.1.0 7.00 95.00 102.00 OK

Check Details

Version: 0.1.0
Check: Rd files
Result: NOTE checkRd: (-1) assert.Rd:12: Lost braces; missing escapes or markup? 12 | \item{msg}{A character string containing the error message to display if any of the conditions are not met. The string can include the placeholder {failed_expressions} to insert a list of the failed expressions. The string can also include {?s} and {?is/are} to insert the correct pluralization for the list of failed expressions.} | ^ checkRd: (-1) assert.Rd:12: Lost braces; missing escapes or markup? 12 | \item{msg}{A character string containing the error message to display if any of the conditions are not met. The string can include the placeholder {failed_expressions} to insert a list of the failed expressions. The string can also include {?s} and {?is/are} to insert the correct pluralization for the list of failed expressions.} | ^ checkRd: (-1) assert.Rd:12: Lost braces; missing escapes or markup? 12 | \item{msg}{A character string containing the error message to display if any of the conditions are not met. The string can include the placeholder {failed_expressions} to insert a list of the failed expressions. The string can also include {?s} and {?is/are} to insert the correct pluralization for the list of failed expressions.} | ^ Flavors: r-devel-linux-x86_64-debian-clang, r-devel-linux-x86_64-debian-gcc, r-devel-linux-x86_64-fedora-clang, r-devel-linux-x86_64-fedora-gcc, r-devel-windows-x86_64, r-patched-linux-x86_64, r-release-macos-arm64, r-release-windows-x86_64