CRAN Package Check Results for Package assertive.datetimes

Last updated on 2021-05-11 08:48:05 CEST.

Flavor Version Tinstall Tcheck Ttotal Status Flags
r-devel-linux-x86_64-debian-clang 0.0-3 1.76 25.02 26.78 NOTE
r-devel-linux-x86_64-debian-gcc 0.0-3 1.64 19.89 21.53 NOTE
r-devel-linux-x86_64-fedora-clang 0.0-3 43.84 NOTE
r-devel-linux-x86_64-fedora-gcc 0.0-3 32.87 NOTE
r-devel-windows-ix86+x86_64 0.0-3 5.00 42.00 47.00 NOTE
r-devel-windows-x86_64-gcc10-UCRT 0.0-3 NOTE
r-patched-linux-x86_64 0.0-3 2.27 24.59 26.86 NOTE
r-patched-solaris-x86 0.0-3 51.10 NOTE
r-release-linux-x86_64 0.0-3 1.81 24.16 25.97 OK
r-release-macos-x86_64 0.0-3 OK
r-release-windows-ix86+x86_64 0.0-3 4.00 32.00 36.00 OK
r-oldrel-macos-x86_64 0.0-3 OK
r-oldrel-windows-ix86+x86_64 0.0-3 4.00 40.00 44.00 OK

Check Details

Version: 0.0-3
Check: LazyData
Result: NOTE
     'LazyData' is specified without a 'data' directory
Flavors: r-devel-linux-x86_64-debian-clang, r-devel-linux-x86_64-debian-gcc, r-devel-linux-x86_64-fedora-clang, r-devel-linux-x86_64-fedora-gcc, r-devel-windows-ix86+x86_64, r-devel-windows-x86_64-gcc10-UCRT, r-patched-linux-x86_64, r-patched-solaris-x86