CRAN Package Check Results for Package assertive.strings

Last updated on 2023-09-30 14:51:07 CEST.

Flavor Version Tinstall Tcheck Ttotal Status Flags
r-devel-linux-x86_64-debian-clang 0.0-3 2.71 29.47 32.18 NOTE
r-devel-linux-x86_64-debian-gcc 0.0-3 1.95 22.74 24.69 NOTE
r-devel-linux-x86_64-fedora-clang 0.0-3 39.42 NOTE
r-devel-linux-x86_64-fedora-gcc 0.0-3 39.12 NOTE
r-devel-windows-x86_64 0.0-3 3.00 46.00 49.00 NOTE
r-patched-linux-x86_64 0.0-3 3.20 28.81 32.01 NOTE
r-release-linux-x86_64 0.0-3 2.67 28.75 31.42 NOTE
r-release-macos-arm64 0.0-3 18.00 NOTE
r-release-macos-x86_64 0.0-3 25.00 NOTE
r-release-windows-x86_64 0.0-3 4.00 46.00 50.00 NOTE
r-oldrel-macos-arm64 0.0-3 17.00 NOTE
r-oldrel-macos-x86_64 0.0-3 25.00 NOTE
r-oldrel-windows-x86_64 0.0-3 4.00 48.00 52.00 NOTE

Check Details

Version: 0.0-3
Check: LazyData
Result: NOTE
     'LazyData' is specified without a 'data' directory
Flavors: r-devel-linux-x86_64-debian-clang, r-devel-linux-x86_64-debian-gcc, r-devel-linux-x86_64-fedora-clang, r-devel-linux-x86_64-fedora-gcc, r-devel-windows-x86_64, r-patched-linux-x86_64, r-release-linux-x86_64, r-release-macos-arm64, r-release-macos-x86_64, r-release-windows-x86_64, r-oldrel-macos-arm64, r-oldrel-macos-x86_64, r-oldrel-windows-x86_64