Last updated on 2022-06-30 17:49:39 CEST.
Flavor | Version | Tinstall | Tcheck | Ttotal | Status | Flags |
---|---|---|---|---|---|---|
r-devel-linux-x86_64-debian-clang | 2.8 | 3.81 | 48.72 | 52.53 | NOTE | |
r-devel-linux-x86_64-debian-gcc | 2.8 | 2.84 | 36.35 | 39.19 | NOTE | |
r-devel-linux-x86_64-fedora-clang | 2.8 | 70.97 | NOTE | |||
r-devel-linux-x86_64-fedora-gcc | 2.8 | 70.73 | NOTE | |||
r-devel-windows-x86_64 | 2.8 | 15.00 | 85.00 | 100.00 | NOTE | |
r-patched-linux-x86_64 | 2.8 | 4.22 | 46.61 | 50.83 | NOTE | |
r-release-linux-x86_64 | 2.8 | 3.04 | 45.49 | 48.53 | NOTE | |
r-release-macos-arm64 | 2.8 | 27.00 | NOTE | |||
r-release-macos-x86_64 | 2.8 | 33.00 | NOTE | |||
r-release-windows-x86_64 | 2.8 | 33.00 | 83.00 | 116.00 | NOTE | |
r-oldrel-macos-arm64 | 2.8 | 31.00 | NOTE | |||
r-oldrel-macos-x86_64 | 2.8 | 52.00 | NOTE | |||
r-oldrel-windows-ix86+x86_64 | 2.8 | 7.00 | 69.00 | 76.00 | NOTE |
Version: 2.8
Check: LazyData
Result: NOTE
'LazyData' is specified without a 'data' directory
Flavors: r-devel-linux-x86_64-debian-clang, r-devel-linux-x86_64-debian-gcc, r-devel-linux-x86_64-fedora-clang, r-devel-linux-x86_64-fedora-gcc, r-devel-windows-x86_64, r-patched-linux-x86_64, r-release-linux-x86_64, r-release-macos-arm64, r-release-macos-x86_64, r-release-windows-x86_64, r-oldrel-macos-arm64, r-oldrel-macos-x86_64, r-oldrel-windows-ix86+x86_64